{"id":4040,"date":"2017-07-03T09:46:22","date_gmt":"2017-07-03T09:46:22","guid":{"rendered":"http:\/\/www.viennavant.at\/?post_type=staff-member&#038;p=4040"},"modified":"2018-02-01T10:25:24","modified_gmt":"2018-02-01T10:25:24","slug":"laura-tezarek-ma","status":"publish","type":"staff-member","link":"https:\/\/www.viennavant.at\/en\/staff-members\/laura-tezarek-ma\/","title":{"rendered":"Laura Tezarek, MA"},"content":{"rendered":"\r\n \r\n<div class=\"staff-member\">\r\n\r\n\t<!-- Featured Image -->\r\n\t\t\t\t\t\t\r\n\t<div class=\"staff-member-right\">\r\n\t\t\t\t\r\n\t\t \r\n\t\t\t<p class=\"staff-member-title\">Germanistin, Universit\u00e4tsassistentin am Institut f\u00fcr Germanistik der Universit\u00e4t Wien <\/p>\r\n\t\t\t\t\r\n\t\t\r\n\t\t   \r\n\t\t\t<div class=\"staff-member-bio\"> \r\n\t\t\t\t<p><strong>Forschungsschwerpunkte:<\/strong><\/p>\n<p><span style=\"font-family: helvetica,arial,sans-serif;\"><span style=\"color: #000000; font-size: medium;\"><span style=\"font-size: 11pt;\">\u2022 \u00d6sterreichische Literatur des 20. Jahrhunderts (insbesondere Lyrik)<\/span><br \/>\n<span style=\"font-size: 11pt;\">\u2022\u00a0D<\/span><\/span><span style=\"color: #000000; font-size: medium;\"><span style=\"font-size: 11pt;\">ie fr\u00fche Wiener Neo-Avantgarde<\/span><br \/>\n<span style=\"font-size: 11pt;\">\u2022\u00a0<\/span><\/span><span style=\"color: #000000; font-size: 11pt;\">\u201eExperimentelles\u201c Schreiben<br \/>\n\u2022 Andreas Okopenko<br \/>\n\u2022 Editionswissenschaft und Digital Humanities<\/span><\/span><\/p>\n<p><br style=\"clear:both;\"><strong>Email:<\/strong><br \/>\n<span style=\"font-family: helvetica,arial,sans-serif; font-size: 11pt;\"><a href=\"mailto:laura.tezarek@univie.ac.at\"><span style=\"color: #000000;\">laura.tezarek@univie.ac.at<\/span><\/a><\/span><\/p>\n<p><strong>Curriculum Vitae<\/strong>:<\/p>\n<p>\u2022 Seit 2018 Universit\u00e4tsassistentin am Institut f\u00fcr Germanistik der Universit\u00e4t Wien, Arbeitsbereich Neuere Deutsche Literatur<br \/>\n\u2022 Seit 2016 Doktoratsstudium Deutsche Philologie an der Universit\u00e4t Wien<br \/>\n\u2022 Seit 2015 Prae-Doc-Mitarbeiterin am FWF-Projekt \u201eAndreas Okopenko: Tageb\u00fccher aus dem Nachlass (Hybridedition)\u201c (<a href=\"https:\/\/germanistik.univie.ac.at\/institut\/projekte\/andreas-okopenko-tagebuecher-aus-dem-nachlass-hybridedition\">https:\/\/germanistik.univie.ac.at\/institut\/projekte\/andreas-okopenko-tagebuecher-aus-dem-nachlass-hybridedition<\/a>)<br \/>\n\u2022 2015 Abschluss des Masterstudiums Deutsche Philologie an der Universit\u00e4t Wien mit einer Masterarbeit zu Paul Celan und Franz Kafka<br \/>\n\u2022 2013\/2014 Stipendiatin an der \u00c9cole Normale Sup\u00e9rieure Paris<br \/>\n\u2022 2012 Abschluss des Bachelorstudiums Deutsche Philologie an der Universit\u00e4t Wien<br \/>\n\u2022 Ab 2007 Studium der Germanistik, Romanistik (Franz\u00f6sisch) und Philosophie an der Universit\u00e4t Wien<br \/>\n\u2022 2006\/2007 Europ\u00e4ischer Freiwilligendienst als Unterrichtsassistentin in Frankreich<br \/>\n\u2022 2006 Matura<\/p>\n<p><strong>Publikationen<\/strong><\/p>\n<p><span style=\"font-size: 12pt;\"><span style=\"font-family: helvetica,arial,sans-serif;\"><span style=\"color: #000000;\"><span style=\"font-size: 11pt;\">\u2022\u00a0Tezarek, Laura: \u201ceine guillotine hat die wahrnehmung erledigt\u201d. Literarische und erkenntnistheoretische Reflexion \u00fcber Wahrnehmung und sinnliche Gewissheit bei Konrad Bayer und Ernst Mach. In: Eder, Thomas und Klaus Kastberger (Hrsg.): Konrad Bayer: Texte, Bilder, Sounds. Wien: Paul Zsolnay Verlag 2015, S. 201-216.<\/span><br \/>\n<span style=\"font-size: 11pt;\">\u2022\u00a0<\/span><\/span><span style=\"font-size: 11pt;\"><span style=\"color: #000000;\">Hebenstreit, Desiree \/ Herberth, Arno \/ Tezarek, Laura: Wahrnehmen, Sammeln, Systematisieren. Rausch und Fluidum bei Andreas Okopenko. In: Manojlovic, Katharina und Kerstin Putz (Hrsg.): Im Rausch des Schreibens. Von Musil bis Bachmann. Wien: Paul Zsolnay Verlag 2017, S. 345-363.<br \/>\n\u2022\u00a0Tezarek, Laura: Andreas Okopenkos Tageb\u00fccher: Ein digitales Editionsprojekt. <\/span><u><a href=\"https:\/\/www.onb.ac.at\/forschung\/forschungsblog\/artikel\/news\/andreas-okopenkos-tagebuecher-ein-digitales-editionsprojekt\">https:\/\/www.onb.ac.at\/forschung\/forschungsblog\/artikel\/news\/andreas-okopenkos-tagebuecher-ein-digitales-editionsprojekt<\/a><\/u><\/span><span style=\"color: #000000;\"><span style=\"font-size: 11pt;\"> (09.02.2017).<\/span><br \/>\n<span style=\"font-size: 11pt;\">\u2022\u00a0<\/span><\/span><\/span><span style=\"color: #000000; font-family: helvetica,arial,sans-serif; font-size: 11pt;\">Tezarek, Laura \/ Herberth, Arno: Andreas Okopenko, die \u00f6sterreichische Nachkriegsliteratur und das Politische. In: Folia linguistica et litteraria 18\/1 (2017), S. 129-141.<\/span><\/span><\/p>\n<p>&nbsp;<\/p>\n<p>&nbsp;<\/p>\n<p><span style=\"font-family: 'Calibri','sans-serif'; font-size: 11pt;\"><span style=\"color: #000000;\">\u00a0<\/span><\/span><\/p>\n<p>&nbsp;<\/p>\n\t\t\t<\/div>\t\t\r\n\t\t\t<br \/>\r\n\t\t\t\t\r\n\t\t<!-- Only show Mailing Address and Contact Info in single view -->\r\n\t\t\t<\/div>\r\n<\/div>","protected":false},"featured_media":0,"menu_order":0,"template":"","meta":[],"staff-member-category":[68],"class_list":["post-4040","staff-member","type-staff-member","status-publish","hentry","staff-member-category-members"],"translation":{"provider":"WPGlobus","version":"3.0.2","language":"en","enabled_languages":["de","en"],"languages":{"de":{"title":true,"content":true,"excerpt":false},"en":{"title":false,"content":false,"excerpt":false}}},"metadata":{"first_name":["Laura"],"last_name":["Tezarek"],"title":["Germanistin, Universit\u00e4tsassistentin am Institut f\u00fcr Germanistik der Universit\u00e4t Wien "],"phone":["German philologist, university assistant at the University of Vienna, German studies department"]},"featured_image_src":false,"bio":"<strong>Forschungsschwerpunkte:<\/strong>\r\n\r\n<span style=\"font-family: helvetica,arial,sans-serif;\"><span style=\"color: #000000; font-size: medium;\"><span style=\"font-size: 11pt;\">\u2022 \u00d6sterreichische Literatur des 20. Jahrhunderts (insbesondere Lyrik)<\/span>\r\n<span style=\"font-size: 11pt;\">\u2022\u00a0D<\/span><\/span><span style=\"color: #000000; font-size: medium;\"><span style=\"font-size: 11pt;\">ie fr\u00fche Wiener Neo-Avantgarde<\/span>\r\n<span style=\"font-size: 11pt;\">\u2022\u00a0<\/span><\/span><span style=\"color: #000000; font-size: 11pt;\">\u201eExperimentelles\u201c Schreiben\r\n\u2022 Andreas Okopenko\r\n\u2022 Editionswissenschaft und Digital Humanities<\/span><\/span>\r\n\r\n<br style=\"clear:both;\"><strong>Email:<\/strong>\r\n<span style=\"font-family: helvetica,arial,sans-serif; font-size: 11pt;\"><a href=\"mailto:laura.tezarek@univie.ac.at\"><span style=\"color: #000000;\">laura.tezarek@univie.ac.at<\/span><\/a><\/span>\r\n\r\n<strong>Curriculum Vitae<\/strong>:\r\n\r\n\u2022 Seit 2018 Universit\u00e4tsassistentin am Institut f\u00fcr Germanistik der Universit\u00e4t Wien, Arbeitsbereich Neuere Deutsche Literatur\r\n\u2022 Seit 2016 Doktoratsstudium Deutsche Philologie an der Universit\u00e4t Wien\r\n\u2022 Seit 2015 Prae-Doc-Mitarbeiterin am FWF-Projekt \u201eAndreas Okopenko: Tageb\u00fccher aus dem Nachlass (Hybridedition)\u201c (<a href=\"https:\/\/germanistik.univie.ac.at\/institut\/projekte\/andreas-okopenko-tagebuecher-aus-dem-nachlass-hybridedition\">https:\/\/germanistik.univie.ac.at\/institut\/projekte\/andreas-okopenko-tagebuecher-aus-dem-nachlass-hybridedition<\/a>)\r\n\u2022 2015 Abschluss des Masterstudiums Deutsche Philologie an der Universit\u00e4t Wien mit einer Masterarbeit zu Paul Celan und Franz Kafka\r\n\u2022 2013\/2014 Stipendiatin an der \u00c9cole Normale Sup\u00e9rieure Paris\r\n\u2022 2012 Abschluss des Bachelorstudiums Deutsche Philologie an der Universit\u00e4t Wien\r\n\u2022 Ab 2007 Studium der Germanistik, Romanistik (Franz\u00f6sisch) und Philosophie an der Universit\u00e4t Wien\r\n\u2022 2006\/2007 Europ\u00e4ischer Freiwilligendienst als Unterrichtsassistentin in Frankreich\r\n\u2022 2006 Matura\r\n\r\n<strong>Publikationen<\/strong>\r\n\r\n<span style=\"font-size: 12pt;\"><span style=\"font-family: helvetica,arial,sans-serif;\"><span style=\"color: #000000;\"><span style=\"font-size: 11pt;\">\u2022\u00a0Tezarek, Laura: \u201ceine guillotine hat die wahrnehmung erledigt\u201d. Literarische und erkenntnistheoretische Reflexion \u00fcber Wahrnehmung und sinnliche Gewissheit bei Konrad Bayer und Ernst Mach. In: Eder, Thomas und Klaus Kastberger (Hrsg.): Konrad Bayer: Texte, Bilder, Sounds. Wien: Paul Zsolnay Verlag 2015, S. 201-216.<\/span>\r\n<span style=\"font-size: 11pt;\">\u2022\u00a0<\/span><\/span><span style=\"font-size: 11pt;\"><span style=\"color: #000000;\">Hebenstreit, Desiree \/ Herberth, Arno \/ Tezarek, Laura: Wahrnehmen, Sammeln, Systematisieren. Rausch und Fluidum bei Andreas Okopenko. In: Manojlovic, Katharina und Kerstin Putz (Hrsg.): Im Rausch des Schreibens. Von Musil bis Bachmann. Wien: Paul Zsolnay Verlag 2017, S. 345-363.\r\n\u2022\u00a0Tezarek, Laura: Andreas Okopenkos Tageb\u00fccher: Ein digitales Editionsprojekt. <\/span><u><a href=\"https:\/\/www.onb.ac.at\/forschung\/forschungsblog\/artikel\/news\/andreas-okopenkos-tagebuecher-ein-digitales-editionsprojekt\">https:\/\/www.onb.ac.at\/forschung\/forschungsblog\/artikel\/news\/andreas-okopenkos-tagebuecher-ein-digitales-editionsprojekt<\/a><\/u><\/span><span style=\"color: #000000;\"><span style=\"font-size: 11pt;\"> (09.02.2017).<\/span>\r\n<span style=\"font-size: 11pt;\">\u2022\u00a0<\/span><\/span><\/span><span style=\"color: #000000; font-family: helvetica,arial,sans-serif; font-size: 11pt;\">Tezarek, Laura \/ Herberth, Arno: Andreas Okopenko, die \u00f6sterreichische Nachkriegsliteratur und das Politische. In: Folia linguistica et litteraria 18\/1 (2017), S. 129-141.<\/span><\/span>\r\n\r\n&nbsp;\r\n\r\n&nbsp;\r\n\r\n<span style=\"font-family: 'Calibri','sans-serif'; font-size: 11pt;\"><span style=\"color: #000000;\">\u00a0<\/span><\/span>\r\n\r\n&nbsp;","_links":{"self":[{"href":"https:\/\/www.viennavant.at\/en\/wp-json\/wp\/v2\/staff-member\/4040","targetHints":{"allow":["GET"]}}],"collection":[{"href":"https:\/\/www.viennavant.at\/en\/wp-json\/wp\/v2\/staff-member"}],"about":[{"href":"https:\/\/www.viennavant.at\/en\/wp-json\/wp\/v2\/types\/staff-member"}],"wp:attachment":[{"href":"https:\/\/www.viennavant.at\/en\/wp-json\/wp\/v2\/media?parent=4040"}],"wp:term":[{"taxonomy":"staff-member-category","embeddable":true,"href":"https:\/\/www.viennavant.at\/en\/wp-json\/wp\/v2\/staff-member-category?post=4040"}],"curies":[{"name":"wp","href":"https:\/\/api.w.org\/{rel}","templated":true}]}}

<div class="staff-member">

	<!-- Featured Image -->
						
	<div class="staff-member-right">
				
		 
			<p class="staff-member-title">Germanistin, Universitätsassistentin am Institut für Germanistik der Universität Wien </p>
				
		
		   
			<div class="staff-member-bio"> 
				<p><strong>Forschungsschwerpunkte:</strong></p>
<p><span style="font-family: helvetica,arial,sans-serif;"><span style="color: #000000; font-size: medium;"><span style="font-size: 11pt;">• Österreichische Literatur des 20. Jahrhunderts (insbesondere Lyrik)</span><br />
<span style="font-size: 11pt;">• D</span></span><span style="color: #000000; font-size: medium;"><span style="font-size: 11pt;">ie frühe Wiener Neo-Avantgarde</span><br />
<span style="font-size: 11pt;">• </span></span><span style="color: #000000; font-size: 11pt;">„Experimentelles“ Schreiben<br />
• Andreas Okopenko<br />
• Editionswissenschaft und Digital Humanities</span></span></p>
<p><br style="clear:both;"><strong>Email:</strong><br />
<span style="font-family: helvetica,arial,sans-serif; font-size: 11pt;"><a href="mailto:laura.tezarek@univie.ac.at"><span style="color: #000000;">laura.tezarek@univie.ac.at</span></a></span></p>
<p><strong>Curriculum Vitae</strong>:</p>
<p>• Seit 2018 Universitätsassistentin am Institut für Germanistik der Universität Wien, Arbeitsbereich Neuere Deutsche Literatur<br />
• Seit 2016 Doktoratsstudium Deutsche Philologie an der Universität Wien<br />
• Seit 2015 Prae-Doc-Mitarbeiterin am FWF-Projekt „Andreas Okopenko: Tagebücher aus dem Nachlass (Hybridedition)“ (<a href="https://germanistik.univie.ac.at/institut/projekte/andreas-okopenko-tagebuecher-aus-dem-nachlass-hybridedition">https://germanistik.univie.ac.at/institut/projekte/andreas-okopenko-tagebuecher-aus-dem-nachlass-hybridedition</a>)<br />
• 2015 Abschluss des Masterstudiums Deutsche Philologie an der Universität Wien mit einer Masterarbeit zu Paul Celan und Franz Kafka<br />
• 2013/2014 Stipendiatin an der École Normale Supérieure Paris<br />
• 2012 Abschluss des Bachelorstudiums Deutsche Philologie an der Universität Wien<br />
• Ab 2007 Studium der Germanistik, Romanistik (Französisch) und Philosophie an der Universität Wien<br />
• 2006/2007 Europäischer Freiwilligendienst als Unterrichtsassistentin in Frankreich<br />
• 2006 Matura</p>
<p><strong>Publikationen</strong></p>
<p><span style="font-size: 12pt;"><span style="font-family: helvetica,arial,sans-serif;"><span style="color: #000000;"><span style="font-size: 11pt;">• Tezarek, Laura: “eine guillotine hat die wahrnehmung erledigt”. Literarische und erkenntnistheoretische Reflexion über Wahrnehmung und sinnliche Gewissheit bei Konrad Bayer und Ernst Mach. In: Eder, Thomas und Klaus Kastberger (Hrsg.): Konrad Bayer: Texte, Bilder, Sounds. Wien: Paul Zsolnay Verlag 2015, S. 201-216.</span><br />
<span style="font-size: 11pt;">• </span></span><span style="font-size: 11pt;"><span style="color: #000000;">Hebenstreit, Desiree / Herberth, Arno / Tezarek, Laura: Wahrnehmen, Sammeln, Systematisieren. Rausch und Fluidum bei Andreas Okopenko. In: Manojlovic, Katharina und Kerstin Putz (Hrsg.): Im Rausch des Schreibens. Von Musil bis Bachmann. Wien: Paul Zsolnay Verlag 2017, S. 345-363.<br />
• Tezarek, Laura: Andreas Okopenkos Tagebücher: Ein digitales Editionsprojekt. </span><u><a href="https://www.onb.ac.at/forschung/forschungsblog/artikel/news/andreas-okopenkos-tagebuecher-ein-digitales-editionsprojekt">https://www.onb.ac.at/forschung/forschungsblog/artikel/news/andreas-okopenkos-tagebuecher-ein-digitales-editionsprojekt</a></u></span><span style="color: #000000;"><span style="font-size: 11pt;"> (09.02.2017).</span><br />
<span style="font-size: 11pt;">• </span></span></span><span style="color: #000000; font-family: helvetica,arial,sans-serif; font-size: 11pt;">Tezarek, Laura / Herberth, Arno: Andreas Okopenko, die österreichische Nachkriegsliteratur und das Politische. In: Folia linguistica et litteraria 18/1 (2017), S. 129-141.</span></span></p>
<p>&nbsp;</p>
<p>&nbsp;</p>
<p><span style="font-family: 'Calibri','sans-serif'; font-size: 11pt;"><span style="color: #000000;"> </span></span></p>
<p>&nbsp;</p>
			</div>		
			<br />
				
		<!-- Only show Mailing Address and Contact Info in single view -->
			</div>
</div>

Germanistin, Universitätsassistentin am Institut für Germanistik der Universität Wien

<strong>Forschungsschwerpunkte:</strong>

<span style="font-family: helvetica,arial,sans-serif;"><span style="color: #000000; font-size: medium;"><span style="font-size: 11pt;">• Österreichische Literatur des 20. Jahrhunderts (insbesondere Lyrik)</span>
<span style="font-size: 11pt;">• D</span></span><span style="color: #000000; font-size: medium;"><span style="font-size: 11pt;">ie frühe Wiener Neo-Avantgarde</span>
<span style="font-size: 11pt;">• </span></span><span style="color: #000000; font-size: 11pt;">„Experimentelles“ Schreiben
• Andreas Okopenko
• Editionswissenschaft und Digital Humanities</span></span>

<br style="clear:both;"><strong>Email:</strong>
<span style="font-family: helvetica,arial,sans-serif; font-size: 11pt;"><a href="mailto:laura.tezarek@univie.ac.at"><span style="color: #000000;">laura.tezarek@univie.ac.at</span></a></span>

<strong>Curriculum Vitae</strong>:

• Seit 2018 Universitätsassistentin am Institut für Germanistik der Universität Wien, Arbeitsbereich Neuere Deutsche Literatur
• Seit 2016 Doktoratsstudium Deutsche Philologie an der Universität Wien
• Seit 2015 Prae-Doc-Mitarbeiterin am FWF-Projekt „Andreas Okopenko: Tagebücher aus dem Nachlass (Hybridedition)“ (<a href="https://germanistik.univie.ac.at/institut/projekte/andreas-okopenko-tagebuecher-aus-dem-nachlass-hybridedition">https://germanistik.univie.ac.at/institut/projekte/andreas-okopenko-tagebuecher-aus-dem-nachlass-hybridedition</a>)
• 2015 Abschluss des Masterstudiums Deutsche Philologie an der Universität Wien mit einer Masterarbeit zu Paul Celan und Franz Kafka
• 2013/2014 Stipendiatin an der École Normale Supérieure Paris
• 2012 Abschluss des Bachelorstudiums Deutsche Philologie an der Universität Wien
• Ab 2007 Studium der Germanistik, Romanistik (Französisch) und Philosophie an der Universität Wien
• 2006/2007 Europäischer Freiwilligendienst als Unterrichtsassistentin in Frankreich
• 2006 Matura

<strong>Publikationen</strong>

<span style="font-size: 12pt;"><span style="font-family: helvetica,arial,sans-serif;"><span style="color: #000000;"><span style="font-size: 11pt;">• Tezarek, Laura: “eine guillotine hat die wahrnehmung erledigt”. Literarische und erkenntnistheoretische Reflexion über Wahrnehmung und sinnliche Gewissheit bei Konrad Bayer und Ernst Mach. In: Eder, Thomas und Klaus Kastberger (Hrsg.): Konrad Bayer: Texte, Bilder, Sounds. Wien: Paul Zsolnay Verlag 2015, S. 201-216.</span>
<span style="font-size: 11pt;">• </span></span><span style="font-size: 11pt;"><span style="color: #000000;">Hebenstreit, Desiree / Herberth, Arno / Tezarek, Laura: Wahrnehmen, Sammeln, Systematisieren. Rausch und Fluidum bei Andreas Okopenko. In: Manojlovic, Katharina und Kerstin Putz (Hrsg.): Im Rausch des Schreibens. Von Musil bis Bachmann. Wien: Paul Zsolnay Verlag 2017, S. 345-363.
• Tezarek, Laura: Andreas Okopenkos Tagebücher: Ein digitales Editionsprojekt. </span><u><a href="https://www.onb.ac.at/forschung/forschungsblog/artikel/news/andreas-okopenkos-tagebuecher-ein-digitales-editionsprojekt">https://www.onb.ac.at/forschung/forschungsblog/artikel/news/andreas-okopenkos-tagebuecher-ein-digitales-editionsprojekt</a></u></span><span style="color: #000000;"><span style="font-size: 11pt;"> (09.02.2017).</span>
<span style="font-size: 11pt;">• </span></span></span><span style="color: #000000; font-family: helvetica,arial,sans-serif; font-size: 11pt;">Tezarek, Laura / Herberth, Arno: Andreas Okopenko, die österreichische Nachkriegsliteratur und das Politische. In: Folia linguistica et litteraria 18/1 (2017), S. 129-141.</span></span>

&nbsp;

&nbsp;

<span style="font-family: 'Calibri','sans-serif'; font-size: 11pt;"><span style="color: #000000;"> </span></span>

&nbsp;
