{"id":2198,"date":"2016-12-14T11:09:34","date_gmt":"2016-12-14T11:09:34","guid":{"rendered":"http:\/\/viennavant.cloud.d2mc.com\/?post_type=staff-member&#038;p=2198"},"modified":"2023-07-04T10:34:22","modified_gmt":"2023-07-04T10:34:22","slug":"di-hermann-j-hendrich","status":"publish","type":"staff-member","link":"https:\/\/www.viennavant.at\/en\/staff-members\/di-hermann-j-hendrich\/","title":{"rendered":"DI Hermann J. Hendrich"},"content":{"rendered":"\r\n \r\n<div class=\"staff-member\">\r\n\r\n\t<!-- Featured Image -->\r\n\t\t\t\t\t\t\r\n\t<div class=\"staff-member-right\">\r\n\t\t\t\t\r\n\t\t \r\n\t\t\t<p class=\"staff-member-title\">Schriftsteller, Filmemacher<\/p>\r\n\t\t\t\t\r\n\t\t\r\n\t\t   \r\n\t\t\t<div class=\"staff-member-bio\"> \r\n\t\t\t\t<p><a href=\"http:\/\/www.viennavant.at\/wp-content\/uploads\/hjh1.jpg\" target=\"_blank\" rel=\"noopener\"><img loading=\"lazy\" decoding=\"async\" class=\"alignleft wp-image-926\" src=\"http:\/\/www.viennavant.at\/wp-content\/uploads\/hjh1-300x283.jpg\" width=\"265\" height=\"250\" srcset=\"https:\/\/www.viennavant.at\/wp-content\/uploads\/hjh1-300x283.jpg 300w, https:\/\/www.viennavant.at\/wp-content\/uploads\/hjh1-1024x966.jpg 1024w, https:\/\/www.viennavant.at\/wp-content\/uploads\/hjh1.jpg 1419w\" sizes=\"auto, (max-width: 265px) 100vw, 265px\" \/><\/a>\u2022 Schriftsteller<br \/>\n\u2022 Filmemacher<\/p>\n<p><strong>Interessensschwerpunkte:<\/strong><\/p>\n<p>\u2022 Wiener Avantgarden und deren Dokumentation<br \/>\n\u2022 Literatur<br \/>\n\u2022 Film, Multimedia<br \/>\n\u2022 Interdisziplinarit\u00e4t<\/p>\n<p><br style=\"clear:both;\"><\/p>\n<p><strong>Webseiten:<\/strong><br \/>\n<a href=\"http:\/\/hermannjhendrich.at\/\">http:\/\/hermannjhendrich.at\/<br \/>\n<\/a><a href=\"https:\/\/www.bildrecht.at\/news\/hermann-j-hendrich-1934-2020\/\">https:\/\/www.bildrecht.at\/news\/hermann-j-hendrich-1934-2020\/<\/a><\/p>\n<p><strong>Leben \u2013 Profil:<\/strong><\/p>\n<p>\u2022 Geboren 1934 in Wien, altprachliches Gymnasium in Baden, 1952\u20131961 Studium des Maschinenbaues an der Technischen Universit\u00e4t Wien, Industriekaufmann.<\/p>\n<p>\u2022 Aktiv im \u201estudio f\u00fcr modern jazz\u201c von 1954 bis 1959, dort Freundschaft mit den Mitgliedern der &#8220;wirklichen jazzband&#8221;, insbesondere Oswald Wiener; und deren Umfeld, Konrad Bayer, K\u00f6lz, Othmar Carli (Mitbegr\u00fcnder des Forum Stadtpark Graz) etc.<\/p>\n<p>\u2022 St\u00e4ndige Besuche in den Galerie W\u00fcrthle und n\u00e4chst St. Stephan, Secession.<\/p>\n<p>\u2022 B\u00fchneninspizient\/Hilfsregisseur beim \u201eliterarischen cabaret II\u201c im Porrhaus, seitdem Freundschaft mit Friedrich Achleitner und Gerhard R\u00fchm. Freundschaft mit Marc Adrian.<\/p>\n<p>\u2022 1959 Beginn eigener literarischer Arbeiten, die teilweise erst Anfang 2000 ver\u00f6ffentlicht werden k\u00f6nnen.<\/p>\n<p>\u2022 St\u00e4ndiger Besucher der 1960 gegr\u00fcndeten Galerie im Griechenbeisl (Christa Hauer).<\/p>\n<p>\u2022 1961 Ehe mit Lotte Hendrich-Hassmann<\/p>\n<p>\u2022 1962\/63 Aufenthalt in den <span class=\"caps\">USA<\/span>.<\/p>\n<p>\u2022 1964 aktiv in \u201ewerkstatt, verein zur f\u00f6rderung moderner kunst\u201c, Dort 1967 Freundschaft mit <span class=\"caps\">VALIE<\/span> <span class=\"caps\">EXPORT<\/span> und Peter Weibel.<\/p>\n<p>\u2022 1967 Mitbegr\u00fcnder der \u201ewerkstatt breitenbrunn\u201c<\/p>\n<p>\u2022 Ab 1968 Entwicklung multimedialer Formate.<\/p>\n<p>\u2022 1969 Organisation und Teilnahme an \u201eMULTI <span class=\"caps\">MEDIA<\/span> I\u201c mit <span class=\"caps\">VALIE<\/span> <span class=\"caps\">EXPORT<\/span>, Peter Hassmann, Horst L. Renner, Gottfried Schlemmer, Peter Weibel.<\/p>\n<p>\u2022 1971 Mitbegr\u00fcnder der \u201e\u00d6sterreichischen Literaturproduzenten\u201c<\/p>\n<p>\u2022 1973 Mitbegr\u00fcnder der \u201eGrazer AutorenAutorinnenversammlung\u201c<\/p>\n<p>\u2022 1978 Ver\u00f6ffentlichung von \u201edie reise nach de panne\u201c experimenteller kurzroman<\/p>\n<p>\u2022 1980 bis 1985 Gesch\u00e4ftsf\u00fchrer der <span class=\"caps\">VALIE<\/span> <span class=\"caps\">EXPORT<\/span> Filmproduktion Ges.m.b.H, Produktion der Filme \u201eSYNTAGMA\u201c, \u201eMenschenfrauen\u201c und \u201eDie Praxis der Liebe\u201c.<\/p>\n<p>\u2022 1982 Mitbegr\u00fcnder und Vorstandsmitglied der \u201eAustria Filmmakers Coop\u201c<\/p>\n<p>\u2022 Ab 1983 Beitr\u00e4ge \u00fcber Film in diversen Zeitschriften.<\/p>\n<p>\u2022 Ab 1984 Engagement im <span class=\"caps\">WUK<\/span><\/p>\n<p>\u2022 1986 der 16 mm Kurzfilm \u201emnemosyne\u201c wird als Er\u00f6ffnungsfilm der Filmtage in Wels gezeigt.<\/p>\n<p>\u2022 Ab 2000 Engagement in \u201eInterdisziplin\u00e4re Arbeitsgruppe Mayaforschung\u201c in Graz, Video-Dokus von mehr als 30 Maya-Sites, 12 Jahre Projekt \u201eCasa Maler\u201c \u2013 ein Museum f\u00fcr den \u00f6sterr. Forscher und Fotografen Theobert Maler in M\u00e9rida, <span class=\"caps\">YUC<\/span>.<\/p>\n<p>\u2022 Hermann J. Hendrich war aktiv t\u00e4tig als Verfasser von Gedichten, Essays, Buchbesprechungen, Videodokumentationen, k\u00fcnstlerischen Videos.<\/p>\n<p>\u2022\u00a0 Am 26. J\u00e4nner 2020 ist\u00a0 Hermann J. Hendrich unerwartet verstorben. Er fehlt uns sehr.<\/p>\n\t\t\t<\/div>\t\t\r\n\t\t\t<br \/>\r\n\t\t\t\t\r\n\t\t<!-- Only show Mailing Address and Contact Info in single view -->\r\n\t\t\t<\/div>\r\n<\/div>","protected":false},"featured_media":0,"menu_order":0,"template":"","meta":[],"staff-member-category":[68],"class_list":["post-2198","staff-member","type-staff-member","status-publish","hentry","staff-member-category-members"],"translation":{"provider":"WPGlobus","version":"3.0.2","language":"en","enabled_languages":["de","en"],"languages":{"de":{"title":true,"content":true,"excerpt":false},"en":{"title":false,"content":false,"excerpt":false}}},"metadata":{"first_name":["Hermann J."],"last_name":["Hendrich"],"title":["Schriftsteller, Filmemacher"],"phone":["Schriftsteller, Filmemacher"]},"featured_image_src":false,"bio":"<a href=\"http:\/\/www.viennavant.at\/wp-content\/uploads\/hjh1.jpg\" target=\"_blank\" rel=\"noopener\"><img class=\"alignleft wp-image-926\" src=\"http:\/\/www.viennavant.at\/wp-content\/uploads\/hjh1-300x283.jpg\" width=\"265\" height=\"250\" \/><\/a>\u2022 Schriftsteller\r\n\u2022 Filmemacher\r\n\r\n<strong>Interessensschwerpunkte:<\/strong>\r\n\r\n\u2022 Wiener Avantgarden und deren Dokumentation\r\n\u2022 Literatur\r\n\u2022 Film, Multimedia\r\n\u2022 Interdisziplinarit\u00e4t\r\n\r\n<br style=\"clear:both;\">\r\n\r\n<strong>Webseiten:<\/strong>\r\n<a href=\"http:\/\/hermannjhendrich.at\/\">http:\/\/hermannjhendrich.at\/\r\n<\/a><a href=\"https:\/\/www.bildrecht.at\/news\/hermann-j-hendrich-1934-2020\/\">https:\/\/www.bildrecht.at\/news\/hermann-j-hendrich-1934-2020\/<\/a>\r\n\r\n<strong>Leben \u2013 Profil:<\/strong>\r\n\r\n\u2022 Geboren 1934 in Wien, altprachliches Gymnasium in Baden, 1952\u20131961 Studium des Maschinenbaues an der Technischen Universit\u00e4t Wien, Industriekaufmann.\r\n\r\n\u2022 Aktiv im \u201estudio f\u00fcr modern jazz\u201c von 1954 bis 1959, dort Freundschaft mit den Mitgliedern der \"wirklichen jazzband\", insbesondere Oswald Wiener; und deren Umfeld, Konrad Bayer, K\u00f6lz, Othmar Carli (Mitbegr\u00fcnder des Forum Stadtpark Graz) etc.\r\n\r\n\u2022 St\u00e4ndige Besuche in den Galerie W\u00fcrthle und n\u00e4chst St. Stephan, Secession.\r\n\r\n\u2022 B\u00fchneninspizient\/Hilfsregisseur beim \u201eliterarischen cabaret II\u201c im Porrhaus, seitdem Freundschaft mit Friedrich Achleitner und Gerhard R\u00fchm. Freundschaft mit Marc Adrian.\r\n\r\n\u2022 1959 Beginn eigener literarischer Arbeiten, die teilweise erst Anfang 2000 ver\u00f6ffentlicht werden k\u00f6nnen.\r\n\r\n\u2022 St\u00e4ndiger Besucher der 1960 gegr\u00fcndeten Galerie im Griechenbeisl (Christa Hauer).\r\n\r\n\u2022 1961 Ehe mit Lotte Hendrich-Hassmann\r\n\r\n\u2022 1962\/63 Aufenthalt in den <span class=\"caps\">USA<\/span>.\r\n\r\n\u2022 1964 aktiv in \u201ewerkstatt, verein zur f\u00f6rderung moderner kunst\u201c, Dort 1967 Freundschaft mit <span class=\"caps\">VALIE<\/span> <span class=\"caps\">EXPORT<\/span> und Peter Weibel.\r\n\r\n\u2022 1967 Mitbegr\u00fcnder der \u201ewerkstatt breitenbrunn\u201c\r\n\r\n\u2022 Ab 1968 Entwicklung multimedialer Formate.\r\n\r\n\u2022 1969 Organisation und Teilnahme an \u201eMULTI <span class=\"caps\">MEDIA<\/span> I\u201c mit <span class=\"caps\">VALIE<\/span> <span class=\"caps\">EXPORT<\/span>, Peter Hassmann, Horst L. Renner, Gottfried Schlemmer, Peter Weibel.\r\n\r\n\u2022 1971 Mitbegr\u00fcnder der \u201e\u00d6sterreichischen Literaturproduzenten\u201c\r\n\r\n\u2022 1973 Mitbegr\u00fcnder der \u201eGrazer AutorenAutorinnenversammlung\u201c\r\n\r\n\u2022 1978 Ver\u00f6ffentlichung von \u201edie reise nach de panne\u201c experimenteller kurzroman\r\n\r\n\u2022 1980 bis 1985 Gesch\u00e4ftsf\u00fchrer der <span class=\"caps\">VALIE<\/span> <span class=\"caps\">EXPORT<\/span> Filmproduktion Ges.m.b.H, Produktion der Filme \u201eSYNTAGMA\u201c, \u201eMenschenfrauen\u201c und \u201eDie Praxis der Liebe\u201c.\r\n\r\n\u2022 1982 Mitbegr\u00fcnder und Vorstandsmitglied der \u201eAustria Filmmakers Coop\u201c\r\n\r\n\u2022 Ab 1983 Beitr\u00e4ge \u00fcber Film in diversen Zeitschriften.\r\n\r\n\u2022 Ab 1984 Engagement im <span class=\"caps\">WUK<\/span>\r\n\r\n\u2022 1986 der 16 mm Kurzfilm \u201emnemosyne\u201c wird als Er\u00f6ffnungsfilm der Filmtage in Wels gezeigt.\r\n\r\n\u2022 Ab 2000 Engagement in \u201eInterdisziplin\u00e4re Arbeitsgruppe Mayaforschung\u201c in Graz, Video-Dokus von mehr als 30 Maya-Sites, 12 Jahre Projekt \u201eCasa Maler\u201c \u2013 ein Museum f\u00fcr den \u00f6sterr. Forscher und Fotografen Theobert Maler in M\u00e9rida, <span class=\"caps\">YUC<\/span>.\r\n\r\n\u2022 Hermann J. Hendrich war aktiv t\u00e4tig als Verfasser von Gedichten, Essays, Buchbesprechungen, Videodokumentationen, k\u00fcnstlerischen Videos.\r\n\r\n\u2022\u00a0 Am 26. J\u00e4nner 2020 ist\u00a0 Hermann J. Hendrich unerwartet verstorben. Er fehlt uns sehr.","_links":{"self":[{"href":"https:\/\/www.viennavant.at\/en\/wp-json\/wp\/v2\/staff-member\/2198","targetHints":{"allow":["GET"]}}],"collection":[{"href":"https:\/\/www.viennavant.at\/en\/wp-json\/wp\/v2\/staff-member"}],"about":[{"href":"https:\/\/www.viennavant.at\/en\/wp-json\/wp\/v2\/types\/staff-member"}],"wp:attachment":[{"href":"https:\/\/www.viennavant.at\/en\/wp-json\/wp\/v2\/media?parent=2198"}],"wp:term":[{"taxonomy":"staff-member-category","embeddable":true,"href":"https:\/\/www.viennavant.at\/en\/wp-json\/wp\/v2\/staff-member-category?post=2198"}],"curies":[{"name":"wp","href":"https:\/\/api.w.org\/{rel}","templated":true}]}}

<div class="staff-member">

	<!-- Featured Image -->
						
	<div class="staff-member-right">
				
		 
			<p class="staff-member-title">Schriftsteller, Filmemacher</p>
				
		
		   
			<div class="staff-member-bio"> 
				<p><a href="http://www.viennavant.at/wp-content/uploads/hjh1.jpg" target="_blank" rel="noopener"><img loading="lazy" decoding="async" class="alignleft wp-image-926" src="http://www.viennavant.at/wp-content/uploads/hjh1-300x283.jpg" width="265" height="250" srcset="https://www.viennavant.at/wp-content/uploads/hjh1-300x283.jpg 300w, https://www.viennavant.at/wp-content/uploads/hjh1-1024x966.jpg 1024w, https://www.viennavant.at/wp-content/uploads/hjh1.jpg 1419w" sizes="auto, (max-width: 265px) 100vw, 265px" /></a>• Schriftsteller<br />
• Filmemacher</p>
<p><strong>Interessensschwerpunkte:</strong></p>
<p>• Wiener Avantgarden und deren Dokumentation<br />
• Literatur<br />
• Film, Multimedia<br />
• Interdisziplinarität</p>
<p><br style="clear:both;"></p>
<p><strong>Webseiten:</strong><br />
<a href="http://hermannjhendrich.at/">http://hermannjhendrich.at/<br />
</a><a href="https://www.bildrecht.at/news/hermann-j-hendrich-1934-2020/">https://www.bildrecht.at/news/hermann-j-hendrich-1934-2020/</a></p>
<p><strong>Leben – Profil:</strong></p>
<p>• Geboren 1934 in Wien, altprachliches Gymnasium in Baden, 1952–1961 Studium des Maschinenbaues an der Technischen Universität Wien, Industriekaufmann.</p>
<p>• Aktiv im „studio für modern jazz“ von 1954 bis 1959, dort Freundschaft mit den Mitgliedern der &#8220;wirklichen jazzband&#8221;, insbesondere Oswald Wiener; und deren Umfeld, Konrad Bayer, Kölz, Othmar Carli (Mitbegründer des Forum Stadtpark Graz) etc.</p>
<p>• Ständige Besuche in den Galerie Würthle und nächst St. Stephan, Secession.</p>
<p>• Bühneninspizient/Hilfsregisseur beim „literarischen cabaret II“ im Porrhaus, seitdem Freundschaft mit Friedrich Achleitner und Gerhard Rühm. Freundschaft mit Marc Adrian.</p>
<p>• 1959 Beginn eigener literarischer Arbeiten, die teilweise erst Anfang 2000 veröffentlicht werden können.</p>
<p>• Ständiger Besucher der 1960 gegründeten Galerie im Griechenbeisl (Christa Hauer).</p>
<p>• 1961 Ehe mit Lotte Hendrich-Hassmann</p>
<p>• 1962/63 Aufenthalt in den <span class="caps">USA</span>.</p>
<p>• 1964 aktiv in „werkstatt, verein zur förderung moderner kunst“, Dort 1967 Freundschaft mit <span class="caps">VALIE</span> <span class="caps">EXPORT</span> und Peter Weibel.</p>
<p>• 1967 Mitbegründer der „werkstatt breitenbrunn“</p>
<p>• Ab 1968 Entwicklung multimedialer Formate.</p>
<p>• 1969 Organisation und Teilnahme an „MULTI <span class="caps">MEDIA</span> I“ mit <span class="caps">VALIE</span> <span class="caps">EXPORT</span>, Peter Hassmann, Horst L. Renner, Gottfried Schlemmer, Peter Weibel.</p>
<p>• 1971 Mitbegründer der „Österreichischen Literaturproduzenten“</p>
<p>• 1973 Mitbegründer der „Grazer AutorenAutorinnenversammlung“</p>
<p>• 1978 Veröffentlichung von „die reise nach de panne“ experimenteller kurzroman</p>
<p>• 1980 bis 1985 Geschäftsführer der <span class="caps">VALIE</span> <span class="caps">EXPORT</span> Filmproduktion Ges.m.b.H, Produktion der Filme „SYNTAGMA“, „Menschenfrauen“ und „Die Praxis der Liebe“.</p>
<p>• 1982 Mitbegründer und Vorstandsmitglied der „Austria Filmmakers Coop“</p>
<p>• Ab 1983 Beiträge über Film in diversen Zeitschriften.</p>
<p>• Ab 1984 Engagement im <span class="caps">WUK</span></p>
<p>• 1986 der 16 mm Kurzfilm „mnemosyne“ wird als Eröffnungsfilm der Filmtage in Wels gezeigt.</p>
<p>• Ab 2000 Engagement in „Interdisziplinäre Arbeitsgruppe Mayaforschung“ in Graz, Video-Dokus von mehr als 30 Maya-Sites, 12 Jahre Projekt „Casa Maler“ – ein Museum für den österr. Forscher und Fotografen Theobert Maler in Mérida, <span class="caps">YUC</span>.</p>
<p>• Hermann J. Hendrich war aktiv tätig als Verfasser von Gedichten, Essays, Buchbesprechungen, Videodokumentationen, künstlerischen Videos.</p>
<p>•  Am 26. Jänner 2020 ist  Hermann J. Hendrich unerwartet verstorben. Er fehlt uns sehr.</p>
			</div>		
			<br />
				
		<!-- Only show Mailing Address and Contact Info in single view -->
			</div>
</div>

<a href="http://www.viennavant.at/wp-content/uploads/hjh1.jpg" target="_blank" rel="noopener"><img class="alignleft wp-image-926" src="http://www.viennavant.at/wp-content/uploads/hjh1-300x283.jpg" width="265" height="250" /></a>• Schriftsteller
• Filmemacher

<strong>Interessensschwerpunkte:</strong>

• Wiener Avantgarden und deren Dokumentation
• Literatur
• Film, Multimedia
• Interdisziplinarität

<br style="clear:both;">

<strong>Webseiten:</strong>
<a href="http://hermannjhendrich.at/">http://hermannjhendrich.at/
</a><a href="https://www.bildrecht.at/news/hermann-j-hendrich-1934-2020/">https://www.bildrecht.at/news/hermann-j-hendrich-1934-2020/</a>

<strong>Leben – Profil:</strong>

• Geboren 1934 in Wien, altprachliches Gymnasium in Baden, 1952–1961 Studium des Maschinenbaues an der Technischen Universität Wien, Industriekaufmann.

• Aktiv im „studio für modern jazz“ von 1954 bis 1959, dort Freundschaft mit den Mitgliedern der "wirklichen jazzband", insbesondere Oswald Wiener; und deren Umfeld, Konrad Bayer, Kölz, Othmar Carli (Mitbegründer des Forum Stadtpark Graz) etc.

• Ständige Besuche in den Galerie Würthle und nächst St. Stephan, Secession.

• Bühneninspizient/Hilfsregisseur beim „literarischen cabaret II“ im Porrhaus, seitdem Freundschaft mit Friedrich Achleitner und Gerhard Rühm. Freundschaft mit Marc Adrian.

• 1959 Beginn eigener literarischer Arbeiten, die teilweise erst Anfang 2000 veröffentlicht werden können.

• Ständiger Besucher der 1960 gegründeten Galerie im Griechenbeisl (Christa Hauer).

• 1961 Ehe mit Lotte Hendrich-Hassmann

• 1962/63 Aufenthalt in den <span class="caps">USA</span>.

• 1964 aktiv in „werkstatt, verein zur förderung moderner kunst“, Dort 1967 Freundschaft mit <span class="caps">VALIE</span> <span class="caps">EXPORT</span> und Peter Weibel.

• 1967 Mitbegründer der „werkstatt breitenbrunn“

• Ab 1968 Entwicklung multimedialer Formate.

• 1969 Organisation und Teilnahme an „MULTI <span class="caps">MEDIA</span> I“ mit <span class="caps">VALIE</span> <span class="caps">EXPORT</span>, Peter Hassmann, Horst L. Renner, Gottfried Schlemmer, Peter Weibel.

• 1971 Mitbegründer der „Österreichischen Literaturproduzenten“

• 1973 Mitbegründer der „Grazer AutorenAutorinnenversammlung“

• 1978 Veröffentlichung von „die reise nach de panne“ experimenteller kurzroman

• 1980 bis 1985 Geschäftsführer der <span class="caps">VALIE</span> <span class="caps">EXPORT</span> Filmproduktion Ges.m.b.H, Produktion der Filme „SYNTAGMA“, „Menschenfrauen“ und „Die Praxis der Liebe“.

• 1982 Mitbegründer und Vorstandsmitglied der „Austria Filmmakers Coop“

• Ab 1983 Beiträge über Film in diversen Zeitschriften.

• Ab 1984 Engagement im <span class="caps">WUK</span>

• 1986 der 16 mm Kurzfilm „mnemosyne“ wird als Eröffnungsfilm der Filmtage in Wels gezeigt.

• Ab 2000 Engagement in „Interdisziplinäre Arbeitsgruppe Mayaforschung“ in Graz, Video-Dokus von mehr als 30 Maya-Sites, 12 Jahre Projekt „Casa Maler“ – ein Museum für den österr. Forscher und Fotografen Theobert Maler in Mérida, <span class="caps">YUC</span>.

• Hermann J. Hendrich war aktiv tätig als Verfasser von Gedichten, Essays, Buchbesprechungen, Videodokumentationen, künstlerischen Videos.

•  Am 26. Jänner 2020 ist  Hermann J. Hendrich unerwartet verstorben. Er fehlt uns sehr.
