{"id":4151,"date":"2018-03-14T15:38:49","date_gmt":"2018-03-14T15:38:49","guid":{"rendered":"http:\/\/www.viennavant.at\/?page_id=4151"},"modified":"2019-06-06T12:18:09","modified_gmt":"2019-06-06T12:18:09","slug":"archivgespraeche-2018","status":"publish","type":"page","link":"https:\/\/www.viennavant.at\/en\/interdisziplinaerer-diskurs\/archivgespraeche\/archivgespraeche-2018\/","title":{"rendered":"Archivgespr\u00e4che 2018"},"content":{"rendered":"<p><strong><span style=\"font-size: 14pt;\"><a href=\"https:\/\/www.mumok.at\/\"><span style=\"font-size: 18pt;\">Im mumok<\/span><\/a><\/span><\/strong><\/p>\n<p>Am 13. April f\u00fchrte zun\u00e4chst Kuratorin Susanne Neuburger eine Gruppe des ViennAvant-Netzwerks durch die Ausstellung <a href=\"https:\/\/www.mumok.at\/de\/events\/kunst-ins-leben\">Kunst ins Leben! Der Sammler Wolfgang Hahn und die 60er Jahre <\/a>, die die Sammlung in ihren Hauptwerken zeigt.<\/p>\n<p><span style=\"font-family: 'Arial',sans-serif; font-size: 14pt;\"><span style=\"color: #000000;\">Susanne Neuburger schilderte eingehend die Entwicklung der Avantgardebewegung der 1960er-Jahre im Rheinland, die die Grenzen der Kunstdisziplinen durchbrach und sich vom Althergebrachten distanzierte: Aus Nouveau R\u00e9alisme, Fluxus und der neuen Musik war eine international vernetzte Generation von K\u00fcnstler_innen zusammengekommen. Einer ihrer ersten Sammler war Wolfgang Hahn, der Chefrestaurator des Wallraf-Richartz-Museum in K\u00f6ln. 1978 kam die Sammlung Hahn mit rund 400 Werken nach Wien, wo sie heute eine der Kernsammlungen des mumok bildet. Das Schlagwort \u201eKunst ins Leben\u201c wurde in den 60er-Jahren w\u00f6rtlich genommen, um sich von einer \u00fcberholten Malereitradition zu distanzieren. Alltagsgegenst\u00e4nde, Texte und Partituren traten an die Stelle von klassischer Malerei und Skulptur. Alle Werke der Ausstellung, beginnend mit T\u00fcr von Joseph Beuys bis zu Wolf Vostells Aktionsobjekten waren diesem erweiterten Kunstbegriff zu verdanken. Happenings, Aktionen und Auff\u00fchrungen neuer Musik waren mit Werken von Allan Kaprow, Nam June Paik oder John Cage vertreten. Prominente Werke der Pop Art von George Segal, Claes Oldenburg oder Tom Wesselman ebenso wie Materialbildern aus dem Nouveau R\u00e9alisme, der mit Daniel Spoerri, Jean Tinguely oder Niki de Saint Phalle einen Schwerpunkt der Sammlung Hahn bildet. Hahns Abendmahl, das Spoerri 1964 im Hause Hahn veranstaltete, ist deren legend\u00e4res Hauptwerk.<\/span><\/span><\/p>\n<p><a href=\"http:\/\/www.viennavant.at\/wp-content\/uploads\/h5-1.jpg\"><img loading=\"lazy\" decoding=\"async\" class=\"size-medium wp-image-4257\" src=\"http:\/\/www.viennavant.at\/wp-content\/uploads\/h5-1-300x225.jpg\" alt=\"\" width=\"300\" height=\"225\" srcset=\"https:\/\/www.viennavant.at\/wp-content\/uploads\/h5-1-300x225.jpg 300w, https:\/\/www.viennavant.at\/wp-content\/uploads\/h5-1-1024x768.jpg 1024w\" sizes=\"auto, (max-width: 300px) 100vw, 300px\" \/>\u00a0\u00a0\u00a0\u00a0\u00a0<\/a><\/p>\n<p><a href=\"http:\/\/www.viennavant.at\/wp-content\/uploads\/h6.jpg\"><img loading=\"lazy\" decoding=\"async\" class=\"size-medium wp-image-4258\" src=\"http:\/\/www.viennavant.at\/wp-content\/uploads\/h6-300x225.jpg\" alt=\"\" width=\"300\" height=\"225\" srcset=\"https:\/\/www.viennavant.at\/wp-content\/uploads\/h6-300x225.jpg 300w, https:\/\/www.viennavant.at\/wp-content\/uploads\/h6-1024x768.jpg 1024w\" sizes=\"auto, (max-width: 300px) 100vw, 300px\" \/><\/a><\/p>\n<p><a href=\"http:\/\/www.viennavant.at\/wp-content\/uploads\/h4.jpg\"><img loading=\"lazy\" decoding=\"async\" class=\"size-medium wp-image-4263\" src=\"http:\/\/www.viennavant.at\/wp-content\/uploads\/h4-300x225.jpg\" alt=\"\" width=\"300\" height=\"225\" srcset=\"https:\/\/www.viennavant.at\/wp-content\/uploads\/h4-300x225.jpg 300w, https:\/\/www.viennavant.at\/wp-content\/uploads\/h4-1024x768.jpg 1024w\" sizes=\"auto, (max-width: 300px) 100vw, 300px\" \/><\/a><\/p>\n<p><a href=\"http:\/\/www.viennavant.at\/wp-content\/uploads\/h2.jpg\"><img loading=\"lazy\" decoding=\"async\" class=\"size-medium wp-image-4260\" src=\"http:\/\/www.viennavant.at\/wp-content\/uploads\/h2-300x225.jpg\" alt=\"\" width=\"300\" height=\"225\" srcset=\"https:\/\/www.viennavant.at\/wp-content\/uploads\/h2-300x225.jpg 300w, https:\/\/www.viennavant.at\/wp-content\/uploads\/h2-1024x768.jpg 1024w\" sizes=\"auto, (max-width: 300px) 100vw, 300px\" \/><\/a><\/p>\n<p><a href=\"http:\/\/www.viennavant.at\/wp-content\/uploads\/h1.jpg\"><img loading=\"lazy\" decoding=\"async\" class=\"size-medium wp-image-4276\" src=\"http:\/\/www.viennavant.at\/wp-content\/uploads\/h1-300x225.jpg\" alt=\"\" width=\"300\" height=\"225\" srcset=\"https:\/\/www.viennavant.at\/wp-content\/uploads\/h1-300x225.jpg 300w, https:\/\/www.viennavant.at\/wp-content\/uploads\/h1-1024x768.jpg 1024w\" sizes=\"auto, (max-width: 300px) 100vw, 300px\" \/><\/a><\/p>\n<p><span style=\"font-size: 14pt;\">Anschlie\u00dfend machte uns Manuela Ammer in der von ihr kuratierten Schau <a href=\"https:\/\/www.mumok.at\/de\/events\/bruno-gironcoli\">Bruno Gironcoli. In der Arbeit sch\u00fcchtern bleiben.<\/a> mit dem Werk dieses eigenwilligen K\u00fcnstlers vertraut.<\/span><\/p>\n<p><span style=\"font-family: 'Arial',sans-serif; font-size: 11pt;\"><span style=\"color: #000000;\"><span style=\"font-size: 14pt;\">Einem breiteren Publikum ist Gironcoli durch seine sp\u00e4ten Gro\u00dfplastiken bekannt, in denen archetypische Figuren und Triviales zu futuristisch anmutenden Konglomeraten verschmelzen. Weniger bekannt ist, dass Gironcolis bildhauerische Praxis von einer kontinuierlichen grafischen Produktion begleitet war. Diese gro\u00df angelegte Retrospektive im mumok stellte erstmals den Maler und Zeichner Gironcoli in den Mittelpunkt. Seine Arbeiten auf Papier traten in Dialog mit herausragenden Beispielen seiner Drahtplastiken, Polyesterobjekte, Installationen und Monumentalskulpturen und erschlossen so neue Perspektiven auch auf das bildhauerische Werk. Von Beginn an waren Gironcolis Arbeiten auf Papier mehr als blo\u00dfe Entw\u00fcrfe f\u00fcr die Bildhauerei. Auf Papier trieb der \u00f6sterreichische K\u00fcnstler seine Ideen vielmehr in Dimensionen, die \u00fcber die Arbeit am konkreten Material weit hinausgehen. Auf Papier animierte er sein eigenes bildhauerisches Werk: Physikalischer Gesetze enthoben gingen schablonenhafte Figuren, Tiere, Symbole und Apparaturen hypothetische Verbindungen ein und f\u00fcgten sich zu fantastisch-surrealen Szenen.<\/span> <\/span><\/span><\/p>\n<p><a href=\"http:\/\/www.viennavant.at\/wp-content\/uploads\/g1.jpg\"><img loading=\"lazy\" decoding=\"async\" class=\"size-medium wp-image-4281 alignleft\" src=\"http:\/\/www.viennavant.at\/wp-content\/uploads\/g1-300x225.jpg\" alt=\"\" width=\"300\" height=\"225\" srcset=\"https:\/\/www.viennavant.at\/wp-content\/uploads\/g1-300x225.jpg 300w, https:\/\/www.viennavant.at\/wp-content\/uploads\/g1-1024x768.jpg 1024w\" sizes=\"auto, (max-width: 300px) 100vw, 300px\" \/><\/a><a href=\"http:\/\/www.viennavant.at\/wp-content\/uploads\/g3.jpg\"><img loading=\"lazy\" decoding=\"async\" class=\"size-medium wp-image-4282 alignleft\" src=\"http:\/\/www.viennavant.at\/wp-content\/uploads\/g3-300x225.jpg\" alt=\"\" width=\"300\" height=\"225\" srcset=\"https:\/\/www.viennavant.at\/wp-content\/uploads\/g3-300x225.jpg 300w, https:\/\/www.viennavant.at\/wp-content\/uploads\/g3-1024x768.jpg 1024w\" sizes=\"auto, (max-width: 300px) 100vw, 300px\" \/><\/a><\/p>\n<p>&nbsp;<\/p>\n<p>&nbsp;<\/p>\n<p>&nbsp;<\/p>\n<p>&nbsp;<\/p>\n<p>&nbsp;<\/p>\n<p>&nbsp;<\/p>\n<p>&nbsp;<\/p>\n<p>&nbsp;<\/p>\n<p>&nbsp;<\/p>\n<p><strong><span style=\"font-size: 16pt;\"><a href=\"https:\/\/www.21erhaus.at\/dominik_steiger\">Im Belvedere 21<\/a><\/span><\/strong><\/p>\n<p>Freitag, den 18. Mai 2018 f\u00fchrte der Chefkurator des Belvedere Harald Krejci eine Gruppe von ViennAvant durch die von ihm kuratierte Ausstellung G\u00dcNTER BRUS. UNRUHE NACH DEM STURM mit dem neuen Schwerpunkt Dominik Steiger \/ G\u00fcnter Brus.<\/p>\n<p><a href=\"http:\/\/www.viennavant.at\/wp-content\/uploads\/bst5.jpg\"><img loading=\"lazy\" decoding=\"async\" class=\"alignright size-medium wp-image-4306\" src=\"http:\/\/www.viennavant.at\/wp-content\/uploads\/bst5-212x300.jpg\" alt=\"\" width=\"212\" height=\"300\" srcset=\"https:\/\/www.viennavant.at\/wp-content\/uploads\/bst5-212x300.jpg 212w, https:\/\/www.viennavant.at\/wp-content\/uploads\/bst5-724x1024.jpg 724w, https:\/\/www.viennavant.at\/wp-content\/uploads\/bst5.jpg 848w\" sizes=\"auto, (max-width: 212px) 100vw, 212px\" \/><\/a>So wie in den Gemeinschaftsarbeiten von G\u00fcnter Brus und Arnulf Rainer, die zuvor in dieser gro\u00dfen G\u00fcnter Brus-Retrospektive zu sehen waren, entstanden auch in der bildnerisch-literarischen Zusammenarbeit von Brus und Dominik Steiger Zyklen im Reagieren auf die Vorgabe des jeweils anderen. Mitte der 1970er-Jahre lie\u00dfen sich die beiden K\u00fcnstler immer mittwochs ein Blatt zur gegenseitigen Bearbeitung zukommen. So entsteht der Zyklus <em>Jeden jeden Mittwoch. Ein Zwoman<\/em> (1974), der 1977 zusammengefasst in einem Text- Bild-Band erschien. Auf jeder Seite sind zwei aufgeschlagene Buchseiten zu finden, die jeweils zur H\u00e4lfte von einem der beiden K\u00fcnstler mit Texten oder Zeichnungen versehen worden sind.<\/p>\n<p>Der Literat und K\u00fcnstler Dominik Steiger (1940 \u2013 2014) aus dem Umfeld der Wiener Gruppe und des Wiener Aktionismus gilt als bedeutender Grenzg\u00e4nger zwischen den k\u00fcnstlerischen Genres und als wichtiger Vertreter der \u00f6sterreichischen Avantgarden seit den 1950er Jahren. Mit K\u00fcnstlerkollegen wie Christian Ludwig Attersee, Hermann Nitsch, Dieter Roth, Arnulf Rainer oder G\u00fcnter Brus entwickelte er in den 1970er- und 1980er-Jahren zahlreiche Gemeinschaftsarbeiten.<\/p>\n<p><a href=\"http:\/\/www.viennavant.at\/wp-content\/uploads\/bst2.jpg\"><img loading=\"lazy\" decoding=\"async\" class=\"size-medium wp-image-4305 alignleft\" src=\"http:\/\/www.viennavant.at\/wp-content\/uploads\/bst2-212x300.jpg\" alt=\"\" width=\"212\" height=\"300\" srcset=\"https:\/\/www.viennavant.at\/wp-content\/uploads\/bst2-212x300.jpg 212w, https:\/\/www.viennavant.at\/wp-content\/uploads\/bst2-724x1024.jpg 724w, https:\/\/www.viennavant.at\/wp-content\/uploads\/bst2.jpg 848w\" sizes=\"auto, (max-width: 212px) 100vw, 212px\" \/><\/a><\/p>\n<p><span style=\"font-size: 11pt;\">Fotocredit der beiden Bilder: <\/span><br \/>\n<span style=\"font-size: 11pt;\">Kollaboration von G\u00fcnter Brus und Dominik Steiger, <em>Jeden jeden Mittwoch. Ein Zwoman<\/em>, 1974 \u00a9 BRUSEUM \/ Neue Galerie Graz am Universalmuseum Joanneum<\/span><\/p>\n<p>&nbsp;<\/p>\n","protected":false},"excerpt":{"rendered":"<p>Im mumok Am 13. April f\u00fchrte zun\u00e4chst Kuratorin Susanne Neuburger eine Gruppe des ViennAvant-Netzwerks durch die Ausstellung Kunst ins Leben! Der Sammler Wolfgang Hahn und die 60er Jahre , die die Sammlung in ihren Hauptwerken zeigt. Susanne Neuburger schilderte eingehend die Entwicklung der Avantgardebewegung der 1960er-Jahre im Rheinland, die die Grenzen der Kunstdisziplinen durchbrach und &hellip; <a href=\"https:\/\/www.viennavant.at\/en\/interdisziplinaerer-diskurs\/archivgespraeche\/archivgespraeche-2018\/\" class=\"more-link\">Continue reading <span class=\"screen-reader-text\">Archivgespr\u00e4che 2018<\/span><\/a><\/p>\n","protected":false},"author":1,"featured_media":0,"parent":2490,"menu_order":0,"comment_status":"closed","ping_status":"closed","template":"","meta":{"footnotes":""},"class_list":["post-4151","page","type-page","status-publish","hentry"],"translation":{"provider":"WPGlobus","version":"3.0.2","language":"en","enabled_languages":["de","en"],"languages":{"de":{"title":true,"content":true,"excerpt":false},"en":{"title":false,"content":false,"excerpt":false}}},"_links":{"self":[{"href":"https:\/\/www.viennavant.at\/en\/wp-json\/wp\/v2\/pages\/4151","targetHints":{"allow":["GET"]}}],"collection":[{"href":"https:\/\/www.viennavant.at\/en\/wp-json\/wp\/v2\/pages"}],"about":[{"href":"https:\/\/www.viennavant.at\/en\/wp-json\/wp\/v2\/types\/page"}],"author":[{"embeddable":true,"href":"https:\/\/www.viennavant.at\/en\/wp-json\/wp\/v2\/users\/1"}],"replies":[{"embeddable":true,"href":"https:\/\/www.viennavant.at\/en\/wp-json\/wp\/v2\/comments?post=4151"}],"version-history":[{"count":33,"href":"https:\/\/www.viennavant.at\/en\/wp-json\/wp\/v2\/pages\/4151\/revisions"}],"predecessor-version":[{"id":4682,"href":"https:\/\/www.viennavant.at\/en\/wp-json\/wp\/v2\/pages\/4151\/revisions\/4682"}],"up":[{"embeddable":true,"href":"https:\/\/www.viennavant.at\/en\/wp-json\/wp\/v2\/pages\/2490"}],"wp:attachment":[{"href":"https:\/\/www.viennavant.at\/en\/wp-json\/wp\/v2\/media?parent=4151"}],"curies":[{"name":"wp","href":"https:\/\/api.w.org\/{rel}","templated":true}]}}

Archivgespräche 2018

<p><strong><span style="font-size: 14pt;"><a href="https://www.mumok.at/"><span style="font-size: 18pt;">Im mumok</span></a></span></strong></p>
<p>Am 13. April führte zunächst Kuratorin Susanne Neuburger eine Gruppe des ViennAvant-Netzwerks durch die Ausstellung <a href="https://www.mumok.at/de/events/kunst-ins-leben">Kunst ins Leben! Der Sammler Wolfgang Hahn und die 60er Jahre </a>, die die Sammlung in ihren Hauptwerken zeigt.</p>
<p><span style="font-family: 'Arial',sans-serif; font-size: 14pt;"><span style="color: #000000;">Susanne Neuburger schilderte eingehend die Entwicklung der Avantgardebewegung der 1960er-Jahre im Rheinland, die die Grenzen der Kunstdisziplinen durchbrach und sich vom Althergebrachten distanzierte: Aus Nouveau Réalisme, Fluxus und der neuen Musik war eine international vernetzte Generation von Künstler_innen zusammengekommen. Einer ihrer ersten Sammler war Wolfgang Hahn, der Chefrestaurator des Wallraf-Richartz-Museum in Köln. 1978 kam die Sammlung Hahn mit rund 400 Werken nach Wien, wo sie heute eine der Kernsammlungen des mumok bildet. Das Schlagwort „Kunst ins Leben“ wurde in den 60er-Jahren wörtlich genommen, um sich von einer überholten Malereitradition zu distanzieren. Alltagsgegenstände, Texte und Partituren traten an die Stelle von klassischer Malerei und Skulptur. Alle Werke der Ausstellung, beginnend mit Tür von Joseph Beuys bis zu Wolf Vostells Aktionsobjekten waren diesem erweiterten Kunstbegriff zu verdanken. Happenings, Aktionen und Aufführungen neuer Musik waren mit Werken von Allan Kaprow, Nam June Paik oder John Cage vertreten. Prominente Werke der Pop Art von George Segal, Claes Oldenburg oder Tom Wesselman ebenso wie Materialbildern aus dem Nouveau Réalisme, der mit Daniel Spoerri, Jean Tinguely oder Niki de Saint Phalle einen Schwerpunkt der Sammlung Hahn bildet. Hahns Abendmahl, das Spoerri 1964 im Hause Hahn veranstaltete, ist deren legendäres Hauptwerk.</span></span></p>
<p><a href="http://www.viennavant.at/wp-content/uploads/h5-1.jpg"><img loading="lazy" decoding="async" class="size-medium wp-image-4257" src="http://www.viennavant.at/wp-content/uploads/h5-1-300x225.jpg" alt="" width="300" height="225" srcset="https://www.viennavant.at/wp-content/uploads/h5-1-300x225.jpg 300w, https://www.viennavant.at/wp-content/uploads/h5-1-1024x768.jpg 1024w" sizes="auto, (max-width: 300px) 100vw, 300px" />     </a></p>
<p><a href="http://www.viennavant.at/wp-content/uploads/h6.jpg"><img loading="lazy" decoding="async" class="size-medium wp-image-4258" src="http://www.viennavant.at/wp-content/uploads/h6-300x225.jpg" alt="" width="300" height="225" srcset="https://www.viennavant.at/wp-content/uploads/h6-300x225.jpg 300w, https://www.viennavant.at/wp-content/uploads/h6-1024x768.jpg 1024w" sizes="auto, (max-width: 300px) 100vw, 300px" /></a></p>
<p><a href="http://www.viennavant.at/wp-content/uploads/h4.jpg"><img loading="lazy" decoding="async" class="size-medium wp-image-4263" src="http://www.viennavant.at/wp-content/uploads/h4-300x225.jpg" alt="" width="300" height="225" srcset="https://www.viennavant.at/wp-content/uploads/h4-300x225.jpg 300w, https://www.viennavant.at/wp-content/uploads/h4-1024x768.jpg 1024w" sizes="auto, (max-width: 300px) 100vw, 300px" /></a></p>
<p><a href="http://www.viennavant.at/wp-content/uploads/h2.jpg"><img loading="lazy" decoding="async" class="size-medium wp-image-4260" src="http://www.viennavant.at/wp-content/uploads/h2-300x225.jpg" alt="" width="300" height="225" srcset="https://www.viennavant.at/wp-content/uploads/h2-300x225.jpg 300w, https://www.viennavant.at/wp-content/uploads/h2-1024x768.jpg 1024w" sizes="auto, (max-width: 300px) 100vw, 300px" /></a></p>
<p><a href="http://www.viennavant.at/wp-content/uploads/h1.jpg"><img loading="lazy" decoding="async" class="size-medium wp-image-4276" src="http://www.viennavant.at/wp-content/uploads/h1-300x225.jpg" alt="" width="300" height="225" srcset="https://www.viennavant.at/wp-content/uploads/h1-300x225.jpg 300w, https://www.viennavant.at/wp-content/uploads/h1-1024x768.jpg 1024w" sizes="auto, (max-width: 300px) 100vw, 300px" /></a></p>
<p><span style="font-size: 14pt;">Anschließend machte uns Manuela Ammer in der von ihr kuratierten Schau <a href="https://www.mumok.at/de/events/bruno-gironcoli">Bruno Gironcoli. In der Arbeit schüchtern bleiben.</a> mit dem Werk dieses eigenwilligen Künstlers vertraut.</span></p>
<p><span style="font-family: 'Arial',sans-serif; font-size: 11pt;"><span style="color: #000000;"><span style="font-size: 14pt;">Einem breiteren Publikum ist Gironcoli durch seine späten Großplastiken bekannt, in denen archetypische Figuren und Triviales zu futuristisch anmutenden Konglomeraten verschmelzen. Weniger bekannt ist, dass Gironcolis bildhauerische Praxis von einer kontinuierlichen grafischen Produktion begleitet war. Diese groß angelegte Retrospektive im mumok stellte erstmals den Maler und Zeichner Gironcoli in den Mittelpunkt. Seine Arbeiten auf Papier traten in Dialog mit herausragenden Beispielen seiner Drahtplastiken, Polyesterobjekte, Installationen und Monumentalskulpturen und erschlossen so neue Perspektiven auch auf das bildhauerische Werk. Von Beginn an waren Gironcolis Arbeiten auf Papier mehr als bloße Entwürfe für die Bildhauerei. Auf Papier trieb der österreichische Künstler seine Ideen vielmehr in Dimensionen, die über die Arbeit am konkreten Material weit hinausgehen. Auf Papier animierte er sein eigenes bildhauerisches Werk: Physikalischer Gesetze enthoben gingen schablonenhafte Figuren, Tiere, Symbole und Apparaturen hypothetische Verbindungen ein und fügten sich zu fantastisch-surrealen Szenen.</span> </span></span></p>
<p><a href="http://www.viennavant.at/wp-content/uploads/g1.jpg"><img loading="lazy" decoding="async" class="size-medium wp-image-4281 alignleft" src="http://www.viennavant.at/wp-content/uploads/g1-300x225.jpg" alt="" width="300" height="225" srcset="https://www.viennavant.at/wp-content/uploads/g1-300x225.jpg 300w, https://www.viennavant.at/wp-content/uploads/g1-1024x768.jpg 1024w" sizes="auto, (max-width: 300px) 100vw, 300px" /></a><a href="http://www.viennavant.at/wp-content/uploads/g3.jpg"><img loading="lazy" decoding="async" class="size-medium wp-image-4282 alignleft" src="http://www.viennavant.at/wp-content/uploads/g3-300x225.jpg" alt="" width="300" height="225" srcset="https://www.viennavant.at/wp-content/uploads/g3-300x225.jpg 300w, https://www.viennavant.at/wp-content/uploads/g3-1024x768.jpg 1024w" sizes="auto, (max-width: 300px) 100vw, 300px" /></a></p>
<p>&nbsp;</p>
<p>&nbsp;</p>
<p>&nbsp;</p>
<p>&nbsp;</p>
<p>&nbsp;</p>
<p>&nbsp;</p>
<p>&nbsp;</p>
<p>&nbsp;</p>
<p>&nbsp;</p>
<p><strong><span style="font-size: 16pt;"><a href="https://www.21erhaus.at/dominik_steiger">Im Belvedere 21</a></span></strong></p>
<p>Freitag, den 18. Mai 2018 führte der Chefkurator des Belvedere Harald Krejci eine Gruppe von ViennAvant durch die von ihm kuratierte Ausstellung GÜNTER BRUS. UNRUHE NACH DEM STURM mit dem neuen Schwerpunkt Dominik Steiger / Günter Brus.</p>
<p><a href="http://www.viennavant.at/wp-content/uploads/bst5.jpg"><img loading="lazy" decoding="async" class="alignright size-medium wp-image-4306" src="http://www.viennavant.at/wp-content/uploads/bst5-212x300.jpg" alt="" width="212" height="300" srcset="https://www.viennavant.at/wp-content/uploads/bst5-212x300.jpg 212w, https://www.viennavant.at/wp-content/uploads/bst5-724x1024.jpg 724w, https://www.viennavant.at/wp-content/uploads/bst5.jpg 848w" sizes="auto, (max-width: 212px) 100vw, 212px" /></a>So wie in den Gemeinschaftsarbeiten von Günter Brus und Arnulf Rainer, die zuvor in dieser großen Günter Brus-Retrospektive zu sehen waren, entstanden auch in der bildnerisch-literarischen Zusammenarbeit von Brus und Dominik Steiger Zyklen im Reagieren auf die Vorgabe des jeweils anderen. Mitte der 1970er-Jahre ließen sich die beiden Künstler immer mittwochs ein Blatt zur gegenseitigen Bearbeitung zukommen. So entsteht der Zyklus <em>Jeden jeden Mittwoch. Ein Zwoman</em> (1974), der 1977 zusammengefasst in einem Text- Bild-Band erschien. Auf jeder Seite sind zwei aufgeschlagene Buchseiten zu finden, die jeweils zur Hälfte von einem der beiden Künstler mit Texten oder Zeichnungen versehen worden sind.</p>
<p>Der Literat und Künstler Dominik Steiger (1940 – 2014) aus dem Umfeld der Wiener Gruppe und des Wiener Aktionismus gilt als bedeutender Grenzgänger zwischen den künstlerischen Genres und als wichtiger Vertreter der österreichischen Avantgarden seit den 1950er Jahren. Mit Künstlerkollegen wie Christian Ludwig Attersee, Hermann Nitsch, Dieter Roth, Arnulf Rainer oder Günter Brus entwickelte er in den 1970er- und 1980er-Jahren zahlreiche Gemeinschaftsarbeiten.</p>
<p><a href="http://www.viennavant.at/wp-content/uploads/bst2.jpg"><img loading="lazy" decoding="async" class="size-medium wp-image-4305 alignleft" src="http://www.viennavant.at/wp-content/uploads/bst2-212x300.jpg" alt="" width="212" height="300" srcset="https://www.viennavant.at/wp-content/uploads/bst2-212x300.jpg 212w, https://www.viennavant.at/wp-content/uploads/bst2-724x1024.jpg 724w, https://www.viennavant.at/wp-content/uploads/bst2.jpg 848w" sizes="auto, (max-width: 212px) 100vw, 212px" /></a></p>
<p><span style="font-size: 11pt;">Fotocredit der beiden Bilder: </span><br />
<span style="font-size: 11pt;">Kollaboration von Günter Brus und Dominik Steiger, <em>Jeden jeden Mittwoch. Ein Zwoman</em>, 1974 © BRUSEUM / Neue Galerie Graz am Universalmuseum Joanneum</span></p>
<p>&nbsp;</p>

<p>Im mumok Am 13. April führte zunächst Kuratorin Susanne Neuburger eine Gruppe des ViennAvant-Netzwerks durch die Ausstellung Kunst ins Leben! Der Sammler Wolfgang Hahn und die 60er Jahre , die die Sammlung in ihren Hauptwerken zeigt. Susanne Neuburger schilderte eingehend die Entwicklung der Avantgardebewegung der 1960er-Jahre im Rheinland, die die Grenzen der Kunstdisziplinen durchbrach und &hellip; <a href="https://www.viennavant.at/en/interdisziplinaerer-diskurs/archivgespraeche/archivgespraeche-2018/" class="more-link">Continue reading <span class="screen-reader-text">Archivgespräche 2018</span></a></p>
