{"id":2396,"date":"2016-12-15T11:44:22","date_gmt":"2016-12-15T11:44:22","guid":{"rendered":"http:\/\/viennavant.cloud.d2mc.com\/?page_id=2396"},"modified":"2016-12-15T11:44:22","modified_gmt":"2016-12-15T11:44:22","slug":"referat-bernhard-steger","status":"publish","type":"page","link":"https:\/\/www.viennavant.at\/en\/symposium-teststrecke-kunst-wiener-avantgarden-nach-1945\/arbeit-an-der-form\/referat-bernhard-steger\/","title":{"rendered":"Referat Bernhard Steger"},"content":{"rendered":"<div id=\"main\">\n<div id=\"content\">\n<div id=\"contentMain\">\n<h2>Das utopische Potential des Bauens. Konrad Wachsmann und die \u00f6sterreichische Nachkriegsavantgarde<\/h2>\n<p>Die sich langsam kanonisierende Geschichtsschreibung nennt das Jahr 1958 als den Beginn der \u00f6sterreichischen Nachkriegsavantgarde in der Architektur. In der Tat gibt es Gr\u00fcnde f\u00fcr diese Wahl: So nennt Hans Hollein die Kunstgespr\u00e4chen der Galerie St. Stephan in der Seckau als den Beginn eines allgemeinen Diskurses \u00fcber Architektur in \u00d6sterreich; dort wurde z.B. des \u201eVerschimmelungsmanifest\u201c von Friedensreich Hundertwasser erstmals vorgetragen. Ebendort trugen Markus Prachensky und Arnulf Rainer ihr Manifest \u201eArchitektur mit den H\u00e4nden\u201c vor und G\u00fcnther Feuerstein reiht sich mit seinen \u201eThesen zu einer inzidenten Architektur\u201c ebenfalls ein in diesen Reigen der Manifeste ein. Doch neben diesen utopisch poetischen Ans\u00e4tzen, die ihre Kritik am gebauten Funktionalismus k\u00fcnstlerisch formulierte, manifestierte sich bei den Salzburger Sommerakademien von 1956 bis 1960 in den Architekturkursen mit Konrad Wachsmann eine andere Strategie, n\u00e4mlich eine des utopisch wissenschaftlichen Handelns in Form einer Industrialisierung des Bauens. Allerdings \u2013 uns das ist ein wesentlicher Unterschied \u2013 die Utopie wurde nicht als solche empfunden sondern als m\u00f6gliches Ziel in einer sich technologisch entwickelnden Welt. Der 1941 in die <span class=\"caps\">USA<\/span> emigrierte deutsche Architekt vermittelte ein Werkverst\u00e4ndnis architektonischer Art, das diametral dem g\u00e4ngigen, \u00fcberwiegend auf den Hochschulen gelehrten Architektur- und Architektenbild gegen\u00fcberstand. Gerade weil er das architektonische Werk als \u201cBauwerk\u201d negierte, gab er dem Bauen eine neue Bedeutung. Dem Entstehen einer Bauaufgabe legte er ein dialogisches Prinzip zugrunde, das die am Planungsprozess Beteiligten schrittweise einer erkannten optimalen L\u00f6sung zuf\u00fchrte. Nicht das fest gef\u00fcgte Werk war das Ziel, sondern das Erkennen der m\u00f6glichen Wege, die einen Entwurf als flexibles Ziel hervorbringen. \u201cEntwurf sollte als \u201cWerfen\u201d verstanden werden, als iterative Versuche der Ann\u00e4herung mit mehr oder weniger Zielgenauigkeit, aber umso intensiverer Bem\u00fchung um Selbstkontrolle und Selbstkritik.<\/p>\n<p>Wachsmann vermied es, von Architektur und Baukunst zu sprechen, sondern sprach lieber vom Bauen. Dieses k\u00f6nne wissenschaftlich betrachtet und verbessert werden und hatte zur Folge, dass eine Verbesserung der gebauten Umwelt nicht in besserer Architektur, sondern in der Verbesserung der Vorg\u00e4nge um das Bauen liegt: \u201cDies [ist] ein Hinweis\u2026, dass die Ursachen f\u00fcr jenes Missbehagen \u00fcber die Aussage, welche die gebaute Umwelt so oft verursacht, vielleicht nicht in ihrer Erscheinung als unmittelbarer Auswirkung zu suchen sind und dass sich darum im wesentlichen nichts \u00e4ndern kann, wenn man statt schlechter gute Architektur macht\u201d (Wachsmann1960:353). Durch die R\u00fcckf\u00fchrung der Fragen des Bauens auf eine rationale Ebene, entwickelte sich f\u00fcr Wachsmann eine neue Architektur, die mit herk\u00f6mmlichen Methoden der Analyse und Kritik nicht mehr beschrieben werden.<\/p>\n<blockquote><p>Bernhard Steger, DI Dr., Studium der Architektur an der TU-Wien und <span class=\"caps\">ETSAB<\/span> Barcelona. 2003\u20132004 Aufarbeitung Archiv Ottokar Uhl f\u00fcr das Architekturzentrum Wien und Dissertationsstudium TU-Wien; 2005 Kurator der Ausstellung \u201eOttokar Uhl. Nach allen Regeln der Architektur\u201c. 2001\u20132006 selbstst\u00e4ndige T\u00e4tigkeit im Rahmen von eisvogel. Raum f\u00fcr Architektur; projektbezogene Mitarbeit in verschiedenen Architekturb\u00fcros in Wien und Vorarlberg. 2006 Gr\u00fcndung von mohr steger architektur. Seit 2007 Assistent am Institut f\u00fcr Architektur und Entwerfen, Abteilung Raumgestaltung der TU-Wien. Publikationen: \u201cVom Bauen. Zu Leben und Werk von Ottokar Uhl\u201d,<br \/>\nin: AzW (Hg.), \u201cOttokar Uhl\u201d Salzburg 2005; \u201eVom Bauen. Zu Leben und Werk von Ottokar Uhl\u201c Wien 2007. Publizistische T\u00e4tigkeit f\u00fcr Fachmedien und Radio (\u201eDie sch\u00f6nen Architekten\u201c auf Radio Orange 94.00)<\/p><\/blockquote>\n<\/div>\n<\/div>\n<\/div>\n","protected":false},"excerpt":{"rendered":"<p>Das utopische Potential des Bauens. Konrad Wachsmann und die \u00f6sterreichische Nachkriegsavantgarde Die sich langsam kanonisierende Geschichtsschreibung nennt das Jahr 1958 als den Beginn der \u00f6sterreichischen Nachkriegsavantgarde in der Architektur. In der Tat gibt es Gr\u00fcnde f\u00fcr diese Wahl: So nennt Hans Hollein die Kunstgespr\u00e4chen der Galerie St. Stephan in der Seckau als den Beginn eines &hellip; <a href=\"https:\/\/www.viennavant.at\/en\/symposium-teststrecke-kunst-wiener-avantgarden-nach-1945\/arbeit-an-der-form\/referat-bernhard-steger\/\" class=\"more-link\">Continue reading <span class=\"screen-reader-text\">Referat Bernhard Steger<\/span><\/a><\/p>\n","protected":false},"author":1,"featured_media":0,"parent":2298,"menu_order":3,"comment_status":"closed","ping_status":"closed","template":"","meta":{"footnotes":""},"class_list":["post-2396","page","type-page","status-publish","hentry"],"translation":{"provider":"WPGlobus","version":"3.0.2","language":"en","enabled_languages":["de","en"],"languages":{"de":{"title":true,"content":true,"excerpt":false},"en":{"title":false,"content":false,"excerpt":false}}},"_links":{"self":[{"href":"https:\/\/www.viennavant.at\/en\/wp-json\/wp\/v2\/pages\/2396","targetHints":{"allow":["GET"]}}],"collection":[{"href":"https:\/\/www.viennavant.at\/en\/wp-json\/wp\/v2\/pages"}],"about":[{"href":"https:\/\/www.viennavant.at\/en\/wp-json\/wp\/v2\/types\/page"}],"author":[{"embeddable":true,"href":"https:\/\/www.viennavant.at\/en\/wp-json\/wp\/v2\/users\/1"}],"replies":[{"embeddable":true,"href":"https:\/\/www.viennavant.at\/en\/wp-json\/wp\/v2\/comments?post=2396"}],"version-history":[{"count":0,"href":"https:\/\/www.viennavant.at\/en\/wp-json\/wp\/v2\/pages\/2396\/revisions"}],"up":[{"embeddable":true,"href":"https:\/\/www.viennavant.at\/en\/wp-json\/wp\/v2\/pages\/2298"}],"wp:attachment":[{"href":"https:\/\/www.viennavant.at\/en\/wp-json\/wp\/v2\/media?parent=2396"}],"curies":[{"name":"wp","href":"https:\/\/api.w.org\/{rel}","templated":true}]}}

<div id="main">
<div id="content">
<div id="contentMain">
<h2>Das utopische Potential des Bauens. Konrad Wachsmann und die österreichische Nachkriegsavantgarde</h2>
<p>Die sich langsam kanonisierende Geschichtsschreibung nennt das Jahr 1958 als den Beginn der österreichischen Nachkriegsavantgarde in der Architektur. In der Tat gibt es Gründe für diese Wahl: So nennt Hans Hollein die Kunstgesprächen der Galerie St. Stephan in der Seckau als den Beginn eines allgemeinen Diskurses über Architektur in Österreich; dort wurde z.B. des „Verschimmelungsmanifest“ von Friedensreich Hundertwasser erstmals vorgetragen. Ebendort trugen Markus Prachensky und Arnulf Rainer ihr Manifest „Architektur mit den Händen“ vor und Günther Feuerstein reiht sich mit seinen „Thesen zu einer inzidenten Architektur“ ebenfalls ein in diesen Reigen der Manifeste ein. Doch neben diesen utopisch poetischen Ansätzen, die ihre Kritik am gebauten Funktionalismus künstlerisch formulierte, manifestierte sich bei den Salzburger Sommerakademien von 1956 bis 1960 in den Architekturkursen mit Konrad Wachsmann eine andere Strategie, nämlich eine des utopisch wissenschaftlichen Handelns in Form einer Industrialisierung des Bauens. Allerdings – uns das ist ein wesentlicher Unterschied – die Utopie wurde nicht als solche empfunden sondern als mögliches Ziel in einer sich technologisch entwickelnden Welt. Der 1941 in die <span class="caps">USA</span> emigrierte deutsche Architekt vermittelte ein Werkverständnis architektonischer Art, das diametral dem gängigen, überwiegend auf den Hochschulen gelehrten Architektur- und Architektenbild gegenüberstand. Gerade weil er das architektonische Werk als “Bauwerk” negierte, gab er dem Bauen eine neue Bedeutung. Dem Entstehen einer Bauaufgabe legte er ein dialogisches Prinzip zugrunde, das die am Planungsprozess Beteiligten schrittweise einer erkannten optimalen Lösung zuführte. Nicht das fest gefügte Werk war das Ziel, sondern das Erkennen der möglichen Wege, die einen Entwurf als flexibles Ziel hervorbringen. “Entwurf sollte als “Werfen” verstanden werden, als iterative Versuche der Annäherung mit mehr oder weniger Zielgenauigkeit, aber umso intensiverer Bemühung um Selbstkontrolle und Selbstkritik.</p>
<p>Wachsmann vermied es, von Architektur und Baukunst zu sprechen, sondern sprach lieber vom Bauen. Dieses könne wissenschaftlich betrachtet und verbessert werden und hatte zur Folge, dass eine Verbesserung der gebauten Umwelt nicht in besserer Architektur, sondern in der Verbesserung der Vorgänge um das Bauen liegt: “Dies [ist] ein Hinweis…, dass die Ursachen für jenes Missbehagen über die Aussage, welche die gebaute Umwelt so oft verursacht, vielleicht nicht in ihrer Erscheinung als unmittelbarer Auswirkung zu suchen sind und dass sich darum im wesentlichen nichts ändern kann, wenn man statt schlechter gute Architektur macht” (Wachsmann1960:353). Durch die Rückführung der Fragen des Bauens auf eine rationale Ebene, entwickelte sich für Wachsmann eine neue Architektur, die mit herkömmlichen Methoden der Analyse und Kritik nicht mehr beschrieben werden.</p>
<blockquote><p>Bernhard Steger, DI Dr., Studium der Architektur an der TU-Wien und <span class="caps">ETSAB</span> Barcelona. 2003–2004 Aufarbeitung Archiv Ottokar Uhl für das Architekturzentrum Wien und Dissertationsstudium TU-Wien; 2005 Kurator der Ausstellung „Ottokar Uhl. Nach allen Regeln der Architektur“. 2001–2006 selbstständige Tätigkeit im Rahmen von eisvogel. Raum für Architektur; projektbezogene Mitarbeit in verschiedenen Architekturbüros in Wien und Vorarlberg. 2006 Gründung von mohr steger architektur. Seit 2007 Assistent am Institut für Architektur und Entwerfen, Abteilung Raumgestaltung der TU-Wien. Publikationen: “Vom Bauen. Zu Leben und Werk von Ottokar Uhl”,<br />
in: AzW (Hg.), “Ottokar Uhl” Salzburg 2005; „Vom Bauen. Zu Leben und Werk von Ottokar Uhl“ Wien 2007. Publizistische Tätigkeit für Fachmedien und Radio („Die schönen Architekten“ auf Radio Orange 94.00)</p></blockquote>
</div>
</div>
</div>

<p>Das utopische Potential des Bauens. Konrad Wachsmann und die österreichische Nachkriegsavantgarde Die sich langsam kanonisierende Geschichtsschreibung nennt das Jahr 1958 als den Beginn der österreichischen Nachkriegsavantgarde in der Architektur. In der Tat gibt es Gründe für diese Wahl: So nennt Hans Hollein die Kunstgesprächen der Galerie St. Stephan in der Seckau als den Beginn eines &hellip; <a href="https://www.viennavant.at/en/symposium-teststrecke-kunst-wiener-avantgarden-nach-1945/arbeit-an-der-form/referat-bernhard-steger/" class="more-link">Continue reading <span class="screen-reader-text">Referat Bernhard Steger</span></a></p>
