{"id":2394,"date":"2016-12-15T11:43:32","date_gmt":"2016-12-15T11:43:32","guid":{"rendered":"http:\/\/viennavant.cloud.d2mc.com\/?page_id=2394"},"modified":"2016-12-15T11:43:32","modified_gmt":"2016-12-15T11:43:32","slug":"referat-thomas-eder","status":"publish","type":"page","link":"https:\/\/www.viennavant.at\/en\/symposium-teststrecke-kunst-wiener-avantgarden-nach-1945\/arbeit-an-der-form\/referat-thomas-eder\/","title":{"rendered":"Referat Thomas Eder"},"content":{"rendered":"<div id=\"main\">\n<div id=\"content\">\n<div id=\"contentMain\">\n<h2>Von den Formen zu den Inhalten. Oswald Wieners Weg von der \u201everbesserung von mitteleuropa\u201c zu Introspektion, Vorstellungsbildern und Denkpsychologie \u2013 Paradigma oder Sonderfall der Nachkriegsavantgarden?<\/h2>\n<p>Den beiden relevanten \u00f6sterreichischen Nachkriegsavantgarden (Wiener Gruppe und Wiener Aktionismus) sind zwei gegens\u00e4tzliche Pole hinsichtlich der Relevanz von Kunst und Literatur gemeinsam, die sie je unterschiedlich gewichten: Steigerung des sinnlichen Erlebens versus Verstehen der Mechanismen, die \u00e4sthetisches Erleben erm\u00f6glichen. Diese beiden unterschiedlichen Einsch\u00e4tzungen dessen, was Kunst und Literatur ausmacht, sind exemplarisch im Werk und der k\u00fcnstlerischen bzw. intellektuellen Biographie von zwei zentralen Proponenten der Wiener Gruppe und des Wiener Aktionismus angelegt: mit Oswald Wieners und G\u00fcnter Brus\u2019 Produktions\u00e4sthetik und ihren jeweiligen Entwicklungen in bzw. aus der Kunst sollen diese beiden Pole der Wiener Nachkriegsavantgarden dargestellt werden.<\/p>\n<p>Dabei werde ich Brus\u2019 mit dem Irrwisch (1971) einsetzende Entwicklung in Richtung der literarischen Gestaltung und der Bild-Dichtung ebenso skizzieren wie Oswald Wieners Weg aus der Literatur und Kunst weg in Richtung Automatentheorie und Denk-Psychologie. Einige Spekulationen im Hinblick auf die paradigmatische Rolle dieses Wiener\u2019schen Weges f\u00fcr die Avantgarden nach 1945 beschlie\u00dfen meinen Beitrag.<\/p>\n<blockquote><p>Thomas Eder, Dr., Literaturwissenschaftler, Lehrbeauftragter am Institut f\u00fcr Germanistik der Universit\u00e4t Wien, Leiter der Sparte Literatur im Kunsthaus M\u00fcrzzuschlag.<br \/>\nForschungsschwerpunkte: \u00f6sterreichische Literatur des 20. Jahrhunderts, Literaturtheorie und Sprachphilosophie, literarische Moderne und Dichtung der Avantgarde; Verh\u00e4ltnis von Epistemologie, Dichtung und Naturwissenschaft. Neuere Publikationen (Auswahl): \u201cUnterschiedenes ist \/ gut.\u2019 Reinhard Priessnitz und die Repoetisierung der Avantgarde\u201d. M\u00fcnchen 2003; Die Metapher in Philosophie, Wissenschaft und Literatur in: Zur Metapher (Hg. gem. m. Franz Josef Czernin 2007); Heimrad B\u00e4cker. Modern Austrian Literature 41, H. 4, (2008); \u201e\u2018verschiedene s\u00e4tze treten auf\u2019. Die Wiener Gruppe in Aktion\u201d. (Hg. m. Juliane Vogel 2008); \u201cErfundene Erinnerung. Literatur als Medium der Gedaechtnisbildung und -reflexion\u201d. Linz 2009; Reinhard Priessnitz: Briefe an Els. (Hg. gem. m. Hans Haider 2009).<\/p><\/blockquote>\n<\/div>\n<\/div>\n<\/div>\n","protected":false},"excerpt":{"rendered":"<p>Von den Formen zu den Inhalten. Oswald Wieners Weg von der \u201everbesserung von mitteleuropa\u201c zu Introspektion, Vorstellungsbildern und Denkpsychologie \u2013 Paradigma oder Sonderfall der Nachkriegsavantgarden? Den beiden relevanten \u00f6sterreichischen Nachkriegsavantgarden (Wiener Gruppe und Wiener Aktionismus) sind zwei gegens\u00e4tzliche Pole hinsichtlich der Relevanz von Kunst und Literatur gemeinsam, die sie je unterschiedlich gewichten: Steigerung des sinnlichen &hellip; <a href=\"https:\/\/www.viennavant.at\/en\/symposium-teststrecke-kunst-wiener-avantgarden-nach-1945\/arbeit-an-der-form\/referat-thomas-eder\/\" class=\"more-link\">Continue reading <span class=\"screen-reader-text\">Referat Thomas Eder<\/span><\/a><\/p>\n","protected":false},"author":1,"featured_media":0,"parent":2298,"menu_order":0,"comment_status":"closed","ping_status":"closed","template":"","meta":{"footnotes":""},"class_list":["post-2394","page","type-page","status-publish","hentry"],"translation":{"provider":"WPGlobus","version":"3.0.2","language":"en","enabled_languages":["de","en"],"languages":{"de":{"title":true,"content":true,"excerpt":false},"en":{"title":false,"content":false,"excerpt":false}}},"_links":{"self":[{"href":"https:\/\/www.viennavant.at\/en\/wp-json\/wp\/v2\/pages\/2394","targetHints":{"allow":["GET"]}}],"collection":[{"href":"https:\/\/www.viennavant.at\/en\/wp-json\/wp\/v2\/pages"}],"about":[{"href":"https:\/\/www.viennavant.at\/en\/wp-json\/wp\/v2\/types\/page"}],"author":[{"embeddable":true,"href":"https:\/\/www.viennavant.at\/en\/wp-json\/wp\/v2\/users\/1"}],"replies":[{"embeddable":true,"href":"https:\/\/www.viennavant.at\/en\/wp-json\/wp\/v2\/comments?post=2394"}],"version-history":[{"count":1,"href":"https:\/\/www.viennavant.at\/en\/wp-json\/wp\/v2\/pages\/2394\/revisions"}],"predecessor-version":[{"id":4535,"href":"https:\/\/www.viennavant.at\/en\/wp-json\/wp\/v2\/pages\/2394\/revisions\/4535"}],"up":[{"embeddable":true,"href":"https:\/\/www.viennavant.at\/en\/wp-json\/wp\/v2\/pages\/2298"}],"wp:attachment":[{"href":"https:\/\/www.viennavant.at\/en\/wp-json\/wp\/v2\/media?parent=2394"}],"curies":[{"name":"wp","href":"https:\/\/api.w.org\/{rel}","templated":true}]}}

<div id="main">
<div id="content">
<div id="contentMain">
<h2>Von den Formen zu den Inhalten. Oswald Wieners Weg von der „verbesserung von mitteleuropa“ zu Introspektion, Vorstellungsbildern und Denkpsychologie – Paradigma oder Sonderfall der Nachkriegsavantgarden?</h2>
<p>Den beiden relevanten österreichischen Nachkriegsavantgarden (Wiener Gruppe und Wiener Aktionismus) sind zwei gegensätzliche Pole hinsichtlich der Relevanz von Kunst und Literatur gemeinsam, die sie je unterschiedlich gewichten: Steigerung des sinnlichen Erlebens versus Verstehen der Mechanismen, die ästhetisches Erleben ermöglichen. Diese beiden unterschiedlichen Einschätzungen dessen, was Kunst und Literatur ausmacht, sind exemplarisch im Werk und der künstlerischen bzw. intellektuellen Biographie von zwei zentralen Proponenten der Wiener Gruppe und des Wiener Aktionismus angelegt: mit Oswald Wieners und Günter Brus’ Produktionsästhetik und ihren jeweiligen Entwicklungen in bzw. aus der Kunst sollen diese beiden Pole der Wiener Nachkriegsavantgarden dargestellt werden.</p>
<p>Dabei werde ich Brus’ mit dem Irrwisch (1971) einsetzende Entwicklung in Richtung der literarischen Gestaltung und der Bild-Dichtung ebenso skizzieren wie Oswald Wieners Weg aus der Literatur und Kunst weg in Richtung Automatentheorie und Denk-Psychologie. Einige Spekulationen im Hinblick auf die paradigmatische Rolle dieses Wiener’schen Weges für die Avantgarden nach 1945 beschließen meinen Beitrag.</p>
<blockquote><p>Thomas Eder, Dr., Literaturwissenschaftler, Lehrbeauftragter am Institut für Germanistik der Universität Wien, Leiter der Sparte Literatur im Kunsthaus Mürzzuschlag.<br />
Forschungsschwerpunkte: österreichische Literatur des 20. Jahrhunderts, Literaturtheorie und Sprachphilosophie, literarische Moderne und Dichtung der Avantgarde; Verhältnis von Epistemologie, Dichtung und Naturwissenschaft. Neuere Publikationen (Auswahl): “Unterschiedenes ist / gut.’ Reinhard Priessnitz und die Repoetisierung der Avantgarde”. München 2003; Die Metapher in Philosophie, Wissenschaft und Literatur in: Zur Metapher (Hg. gem. m. Franz Josef Czernin 2007); Heimrad Bäcker. Modern Austrian Literature 41, H. 4, (2008); „‘verschiedene sätze treten auf’. Die Wiener Gruppe in Aktion”. (Hg. m. Juliane Vogel 2008); “Erfundene Erinnerung. Literatur als Medium der Gedaechtnisbildung und -reflexion”. Linz 2009; Reinhard Priessnitz: Briefe an Els. (Hg. gem. m. Hans Haider 2009).</p></blockquote>
</div>
</div>
</div>

<p>Von den Formen zu den Inhalten. Oswald Wieners Weg von der „verbesserung von mitteleuropa“ zu Introspektion, Vorstellungsbildern und Denkpsychologie – Paradigma oder Sonderfall der Nachkriegsavantgarden? Den beiden relevanten österreichischen Nachkriegsavantgarden (Wiener Gruppe und Wiener Aktionismus) sind zwei gegensätzliche Pole hinsichtlich der Relevanz von Kunst und Literatur gemeinsam, die sie je unterschiedlich gewichten: Steigerung des sinnlichen &hellip; <a href="https://www.viennavant.at/en/symposium-teststrecke-kunst-wiener-avantgarden-nach-1945/arbeit-an-der-form/referat-thomas-eder/" class="more-link">Continue reading <span class="screen-reader-text">Referat Thomas Eder</span></a></p>
