{"id":2390,"date":"2016-12-15T11:38:49","date_gmt":"2016-12-15T11:38:49","guid":{"rendered":"http:\/\/viennavant.cloud.d2mc.com\/?page_id=2390"},"modified":"2016-12-15T11:38:49","modified_gmt":"2016-12-15T11:38:49","slug":"referat-dieter-bogner","status":"publish","type":"page","link":"https:\/\/www.viennavant.at\/en\/symposium-teststrecke-kunst-wiener-avantgarden-nach-1945\/arbeit-an-der-form\/referat-dieter-bogner\/","title":{"rendered":"Referat Dieter Bogner"},"content":{"rendered":"<div id=\"main\">\n<div id=\"content\">\n<div id=\"contentMain\">\n<h2>Das Wesen der Dinge liegt im Intervall<\/h2>\n<p>Strukturelles Denken und Gestalten bestimmen im 20. Jahrhundert wesentliche Ph\u00e4nomene der \u00f6sterreichischen Vor- und Nachkriegsmoderne. Die geistesgeschichtlichen Wurzeln lassen sich bis ins 19. Jahrhundert zur\u00fcckverfolgen.<\/p>\n<p>F\u00fcr Formfragen strukturell gestaltende K\u00fcnstlerinnen und K\u00fcnstler ist die Bedeutung des Intervalls konstitutiv. Nicht konkrete Formen stehen im Zentrum, sondern Beziehungsverh\u00e4ltnisse. In dieser Haltung gr\u00fcndet die M\u00f6glichkeit, sich Materialien der verschiedensten Disziplinen zu bedienen.<\/p>\n<p>Aus dieser Perspektive setzt sich das Referat mit einigen der unter dem Titel \u201cArbeit an der Form\u201d formulierten Thesen auseinander.<\/p>\n<blockquote><p>Dieter Bogner, Univ. Doz. Dr., Kunsthistoriker, Ausstellungskurator und Museumsplaner. Von 1990 bis 1994 entwickelte er das Konzept und leitete die Planungen f\u00fcr das Museumsquartier Wien. 1994 gr\u00fcndete er die Firma bogner.cc, die sich international museologischen Fachplanungen und dem Kuratieren von Sammlungspr\u00e4sentationen sowie Kulturentwicklungspl\u00e4nen widmet; Stifter und Vorstandsvorsitzender der Friedrich und Lillian Kiesler Privatstiftung, Wien, Mitglied des Board of Trustees am New Museum of Contemporary Art, New York und Stiftungsrat des Museion \u2013 Museum f\u00fcr moderne und zeitgen\u00f6ssische Kunst, Bozen. Gemeinsam mit Gertraud Bogner leitet er den Kunstraum Buchberg, Schloss Buchberg am Kamp (siehe: www.castyourart.com).<\/p><\/blockquote>\n<\/div>\n<\/div>\n<\/div>\n","protected":false},"excerpt":{"rendered":"<p>Das Wesen der Dinge liegt im Intervall Strukturelles Denken und Gestalten bestimmen im 20. Jahrhundert wesentliche Ph\u00e4nomene der \u00f6sterreichischen Vor- und Nachkriegsmoderne. Die geistesgeschichtlichen Wurzeln lassen sich bis ins 19. Jahrhundert zur\u00fcckverfolgen. F\u00fcr Formfragen strukturell gestaltende K\u00fcnstlerinnen und K\u00fcnstler ist die Bedeutung des Intervalls konstitutiv. Nicht konkrete Formen stehen im Zentrum, sondern Beziehungsverh\u00e4ltnisse. In dieser &hellip; <a href=\"https:\/\/www.viennavant.at\/en\/symposium-teststrecke-kunst-wiener-avantgarden-nach-1945\/arbeit-an-der-form\/referat-dieter-bogner\/\" class=\"more-link\">Continue reading <span class=\"screen-reader-text\">Referat Dieter Bogner<\/span><\/a><\/p>\n","protected":false},"author":1,"featured_media":0,"parent":2298,"menu_order":2,"comment_status":"closed","ping_status":"closed","template":"","meta":{"footnotes":""},"class_list":["post-2390","page","type-page","status-publish","hentry"],"translation":{"provider":"WPGlobus","version":"3.0.2","language":"en","enabled_languages":["de","en"],"languages":{"de":{"title":true,"content":true,"excerpt":false},"en":{"title":false,"content":false,"excerpt":false}}},"_links":{"self":[{"href":"https:\/\/www.viennavant.at\/en\/wp-json\/wp\/v2\/pages\/2390","targetHints":{"allow":["GET"]}}],"collection":[{"href":"https:\/\/www.viennavant.at\/en\/wp-json\/wp\/v2\/pages"}],"about":[{"href":"https:\/\/www.viennavant.at\/en\/wp-json\/wp\/v2\/types\/page"}],"author":[{"embeddable":true,"href":"https:\/\/www.viennavant.at\/en\/wp-json\/wp\/v2\/users\/1"}],"replies":[{"embeddable":true,"href":"https:\/\/www.viennavant.at\/en\/wp-json\/wp\/v2\/comments?post=2390"}],"version-history":[{"count":0,"href":"https:\/\/www.viennavant.at\/en\/wp-json\/wp\/v2\/pages\/2390\/revisions"}],"up":[{"embeddable":true,"href":"https:\/\/www.viennavant.at\/en\/wp-json\/wp\/v2\/pages\/2298"}],"wp:attachment":[{"href":"https:\/\/www.viennavant.at\/en\/wp-json\/wp\/v2\/media?parent=2390"}],"curies":[{"name":"wp","href":"https:\/\/api.w.org\/{rel}","templated":true}]}}

<div id="main">
<div id="content">
<div id="contentMain">
<h2>Das Wesen der Dinge liegt im Intervall</h2>
<p>Strukturelles Denken und Gestalten bestimmen im 20. Jahrhundert wesentliche Phänomene der österreichischen Vor- und Nachkriegsmoderne. Die geistesgeschichtlichen Wurzeln lassen sich bis ins 19. Jahrhundert zurückverfolgen.</p>
<p>Für Formfragen strukturell gestaltende Künstlerinnen und Künstler ist die Bedeutung des Intervalls konstitutiv. Nicht konkrete Formen stehen im Zentrum, sondern Beziehungsverhältnisse. In dieser Haltung gründet die Möglichkeit, sich Materialien der verschiedensten Disziplinen zu bedienen.</p>
<p>Aus dieser Perspektive setzt sich das Referat mit einigen der unter dem Titel “Arbeit an der Form” formulierten Thesen auseinander.</p>
<blockquote><p>Dieter Bogner, Univ. Doz. Dr., Kunsthistoriker, Ausstellungskurator und Museumsplaner. Von 1990 bis 1994 entwickelte er das Konzept und leitete die Planungen für das Museumsquartier Wien. 1994 gründete er die Firma bogner.cc, die sich international museologischen Fachplanungen und dem Kuratieren von Sammlungspräsentationen sowie Kulturentwicklungsplänen widmet; Stifter und Vorstandsvorsitzender der Friedrich und Lillian Kiesler Privatstiftung, Wien, Mitglied des Board of Trustees am New Museum of Contemporary Art, New York und Stiftungsrat des Museion – Museum für moderne und zeitgenössische Kunst, Bozen. Gemeinsam mit Gertraud Bogner leitet er den Kunstraum Buchberg, Schloss Buchberg am Kamp (siehe: www.castyourart.com).</p></blockquote>
</div>
</div>
</div>

<p>Das Wesen der Dinge liegt im Intervall Strukturelles Denken und Gestalten bestimmen im 20. Jahrhundert wesentliche Phänomene der österreichischen Vor- und Nachkriegsmoderne. Die geistesgeschichtlichen Wurzeln lassen sich bis ins 19. Jahrhundert zurückverfolgen. Für Formfragen strukturell gestaltende Künstlerinnen und Künstler ist die Bedeutung des Intervalls konstitutiv. Nicht konkrete Formen stehen im Zentrum, sondern Beziehungsverhältnisse. In dieser &hellip; <a href="https://www.viennavant.at/en/symposium-teststrecke-kunst-wiener-avantgarden-nach-1945/arbeit-an-der-form/referat-dieter-bogner/" class="more-link">Continue reading <span class="screen-reader-text">Referat Dieter Bogner</span></a></p>
